{"version":"1.0","provider_name":"Ville de Remich","provider_url":"https:\/\/bierger.remich.lu\/de","author_name":"murielkayser","author_url":"#","title":"Amis du Jumelage - Ville de Remich","type":"rich","width":600,"height":338,"html":"<blockquote class=\"wp-embedded-content\" data-secret=\"wcj38dfLm4\"><a href=\"https:\/\/bierger.remich.lu\/de\/address\/amis-du-jumelage\/\">Amis du Jumelage<\/a><\/blockquote><iframe sandbox=\"allow-scripts\" security=\"restricted\" src=\"https:\/\/bierger.remich.lu\/de\/address\/amis-du-jumelage\/embed\/#?secret=wcj38dfLm4\" width=\"600\" height=\"338\" title=\"&#8222;Amis du Jumelage&#8220; &#8211; Ville de Remich\" data-secret=\"wcj38dfLm4\" frameborder=\"0\" marginwidth=\"0\" marginheight=\"0\" scrolling=\"no\" class=\"wp-embedded-content\"><\/iframe><script type=\"text\/javascript\">\n\/* <![CDATA[ *\/\n\/*! This file is auto-generated *\/\n!function(d,l){\"use strict\";l.querySelector&&d.addEventListener&&\"undefined\"!=typeof URL&&(d.wp=d.wp||{},d.wp.receiveEmbedMessage||(d.wp.receiveEmbedMessage=function(e){var t=e.data;if((t||t.secret||t.message||t.value)&&!\/[^a-zA-Z0-9]\/.test(t.secret)){for(var s,r,n,a=l.querySelectorAll('iframe[data-secret=\"'+t.secret+'\"]'),o=l.querySelectorAll('blockquote[data-secret=\"'+t.secret+'\"]'),c=new RegExp(\"^https?:$\",\"i\"),i=0;i<o.length;i++)o[i].style.display=\"none\";for(i=0;i<a.length;i++)s=a[i],e.source===s.contentWindow&&(s.removeAttribute(\"style\"),\"height\"===t.message?(1e3<(r=parseInt(t.value,10))?r=1e3:~~r<200&&(r=200),s.height=r):\"link\"===t.message&&(r=new URL(s.getAttribute(\"src\")),n=new URL(t.value),c.test(n.protocol))&&n.host===r.host&&l.activeElement===s&&(d.top.location.href=t.value))}},d.addEventListener(\"message\",d.wp.receiveEmbedMessage,!1),l.addEventListener(\"DOMContentLoaded\",function(){for(var e,t,s=l.querySelectorAll(\"iframe.wp-embedded-content\"),r=0;r<s.length;r++)(t=(e=s[r]).getAttribute(\"data-secret\"))||(t=Math.random().toString(36).substring(2,12),e.src+=\"#?secret=\"+t,e.setAttribute(\"data-secret\",t)),e.contentWindow.postMessage({message:\"ready\",secret:t},\"*\")},!1)))}(window,document);\n\/\/# sourceURL=https:\/\/bierger.remich.lu\/wp-includes\/js\/wp-embed.min.js\n\/* ]]> *\/\n<\/script>\n","description":"Der Verein\u00a0unterst\u00fctzt das entstehen einer Bindung\u00a0zwischen den Einwohnern der zwei St\u00e4dte, welche die St\u00e4dtepartnerschaft unterzeichnet haben in den schulischen, sportlichen, kulturellen, sozialen, wirtschaftlichen, landwirtschaftlichen und\u00a0administrativen Bereichen. Ein weiteres Ziel besteht in der Sensibilisierung und Information der B\u00fcrger und B\u00fcrgerinnen betreffend die europ\u00e4ische Realit\u00e4t. Hierzu werden verschiedene Veranstaltung geplant: Austausch, Treffen zwischen Delegationen der Partnerst\u00e4dte, usw.... Mehr lesen \u00bb"}

Der Verein unterstützt das entstehen einer Bindung zwischen den Einwohnern der zwei Städte, welche die Städtepartnerschaft unterzeichnet haben in den schulischen, sportlichen, kulturellen, sozialen, wirtschaftlichen, landwirtschaftlichen und administrativen Bereichen. Ein weiteres Ziel besteht in der Sensibilisierung und Information der Bürger und Bürgerinnen betreffend die europäische Realität. Hierzu werden verschiedene Veranstaltung geplant: Austausch, Treffen zwischen Delegationen der Partnerstädte, usw.... Mehr lesen »
