{"version":"1.0","provider_name":"Ville de Remich","provider_url":"https:\/\/bierger.remich.lu\/de","author_name":"murielkayser","author_url":"#","title":"Photo-Fr\u00ebnn R\u00e9imech - Ville de Remich","type":"rich","width":600,"height":338,"html":"<blockquote class=\"wp-embedded-content\" data-secret=\"k01CpBKkrP\"><a href=\"https:\/\/bierger.remich.lu\/de\/address\/photo-frenn-reimech\/\">Photo-Fr\u00ebnn R\u00e9imech<\/a><\/blockquote><iframe sandbox=\"allow-scripts\" security=\"restricted\" src=\"https:\/\/bierger.remich.lu\/de\/address\/photo-frenn-reimech\/embed\/#?secret=k01CpBKkrP\" width=\"600\" height=\"338\" title=\"&#8222;Photo-Fr\u00ebnn R\u00e9imech&#8220; &#8211; Ville de Remich\" data-secret=\"k01CpBKkrP\" frameborder=\"0\" marginwidth=\"0\" marginheight=\"0\" scrolling=\"no\" class=\"wp-embedded-content\"><\/iframe><script type=\"text\/javascript\">\n\/* <![CDATA[ *\/\n\/*! This file is auto-generated *\/\n!function(d,l){\"use strict\";l.querySelector&&d.addEventListener&&\"undefined\"!=typeof URL&&(d.wp=d.wp||{},d.wp.receiveEmbedMessage||(d.wp.receiveEmbedMessage=function(e){var t=e.data;if((t||t.secret||t.message||t.value)&&!\/[^a-zA-Z0-9]\/.test(t.secret)){for(var s,r,n,a=l.querySelectorAll('iframe[data-secret=\"'+t.secret+'\"]'),o=l.querySelectorAll('blockquote[data-secret=\"'+t.secret+'\"]'),c=new RegExp(\"^https?:$\",\"i\"),i=0;i<o.length;i++)o[i].style.display=\"none\";for(i=0;i<a.length;i++)s=a[i],e.source===s.contentWindow&&(s.removeAttribute(\"style\"),\"height\"===t.message?(1e3<(r=parseInt(t.value,10))?r=1e3:~~r<200&&(r=200),s.height=r):\"link\"===t.message&&(r=new URL(s.getAttribute(\"src\")),n=new URL(t.value),c.test(n.protocol))&&n.host===r.host&&l.activeElement===s&&(d.top.location.href=t.value))}},d.addEventListener(\"message\",d.wp.receiveEmbedMessage,!1),l.addEventListener(\"DOMContentLoaded\",function(){for(var e,t,s=l.querySelectorAll(\"iframe.wp-embedded-content\"),r=0;r<s.length;r++)(t=(e=s[r]).getAttribute(\"data-secret\"))||(t=Math.random().toString(36).substring(2,12),e.src+=\"#?secret=\"+t,e.setAttribute(\"data-secret\",t)),e.contentWindow.postMessage({message:\"ready\",secret:t},\"*\")},!1)))}(window,document);\n\/\/# sourceURL=https:\/\/bierger.remich.lu\/wp-includes\/js\/wp-embed.min.js\n\/* ]]> *\/\n<\/script>\n","description":"Der Verein wurde 1981 gegr\u00fcndet, in den Zeiten der Analogfotografie, die heute der digitalen Fotografie Platz gemacht hat. Neben ihren pers\u00f6nlichen Interessensgebieten halten die Fotofreunde haupts\u00e4chlich die gr\u00f6\u00dferen Ereignisse und Veranstaltungen, die in Remich stattfinden, im Bild fest. Auf Wunsch k\u00f6nnen diese Fotos Interessenten in einer Diashow pr\u00e4sentiert werden. Auf der Internetseite des Vereins wird... Mehr lesen \u00bb"}

Photo-Frënn Réimech - Ville de Remich

<blockquote class="wp-embedded-content" data-secret="k01CpBKkrP"><a href="https://bierger.remich.lu/de/address/photo-frenn-reimech/">Photo-Frënn Réimech</a></blockquote><iframe sandbox="allow-scripts" security="restricted" src="https://bierger.remich.lu/de/address/photo-frenn-reimech/embed/#?secret=k01CpBKkrP" width="600" height="338" title="&#8222;Photo-Frënn Réimech&#8220; &#8211; Ville de Remich" data-secret="k01CpBKkrP" frameborder="0" marginwidth="0" marginheight="0" scrolling="no" class="wp-embedded-content"></iframe><script type="text/javascript">
/* <![CDATA[ */
/*! This file is auto-generated */
!function(d,l){"use strict";l.querySelector&&d.addEventListener&&"undefined"!=typeof URL&&(d.wp=d.wp||{},d.wp.receiveEmbedMessage||(d.wp.receiveEmbedMessage=function(e){var t=e.data;if((t||t.secret||t.message||t.value)&&!/[^a-zA-Z0-9]/.test(t.secret)){for(var s,r,n,a=l.querySelectorAll('iframe[data-secret="'+t.secret+'"]'),o=l.querySelectorAll('blockquote[data-secret="'+t.secret+'"]'),c=new RegExp("^https?:$","i"),i=0;i<o.length;i++)o[i].style.display="none";for(i=0;i<a.length;i++)s=a[i],e.source===s.contentWindow&&(s.removeAttribute("style"),"height"===t.message?(1e3<(r=parseInt(t.value,10))?r=1e3:~~r<200&&(r=200),s.height=r):"link"===t.message&&(r=new URL(s.getAttribute("src")),n=new URL(t.value),c.test(n.protocol))&&n.host===r.host&&l.activeElement===s&&(d.top.location.href=t.value))}},d.addEventListener("message",d.wp.receiveEmbedMessage,!1),l.addEventListener("DOMContentLoaded",function(){for(var e,t,s=l.querySelectorAll("iframe.wp-embedded-content"),r=0;r<s.length;r++)(t=(e=s[r]).getAttribute("data-secret"))||(t=Math.random().toString(36).substring(2,12),e.src+="#?secret="+t,e.setAttribute("data-secret",t)),e.contentWindow.postMessage({message:"ready",secret:t},"*")},!1)))}(window,document);
//# sourceURL=https://bierger.remich.lu/wp-includes/js/wp-embed.min.js
/* ]]> */
</script>

Der Verein wurde 1981 gegründet, in den Zeiten der Analogfotografie, die heute der digitalen Fotografie Platz gemacht hat. Neben ihren persönlichen Interessensgebieten halten die Fotofreunde hauptsächlich die größeren Ereignisse und Veranstaltungen, die in Remich stattfinden, im Bild fest. Auf Wunsch können diese Fotos Interessenten in einer Diashow präsentiert werden. Auf der Internetseite des Vereins wird... Mehr lesen »
