{"version":"1.0","provider_name":"Ville de Remich","provider_url":"https:\/\/bierger.remich.lu\/de","author_name":"murielkayser","author_url":"#","title":"Jacques Sitz - Ville de Remich","type":"rich","width":600,"height":338,"html":"<blockquote class=\"wp-embedded-content\" data-secret=\"PA1tNtb9DI\"><a href=\"https:\/\/bierger.remich.lu\/de\/councilmember\/francais-jacques-sitz\/\">Jacques Sitz<\/a><\/blockquote><iframe sandbox=\"allow-scripts\" security=\"restricted\" src=\"https:\/\/bierger.remich.lu\/de\/councilmember\/francais-jacques-sitz\/embed\/#?secret=PA1tNtb9DI\" width=\"600\" height=\"338\" title=\"&#8222;Jacques Sitz&#8220; &#8211; Ville de Remich\" data-secret=\"PA1tNtb9DI\" frameborder=\"0\" marginwidth=\"0\" marginheight=\"0\" scrolling=\"no\" class=\"wp-embedded-content\"><\/iframe><script type=\"text\/javascript\">\n\/* <![CDATA[ *\/\n\/*! This file is auto-generated *\/\n!function(d,l){\"use strict\";l.querySelector&&d.addEventListener&&\"undefined\"!=typeof URL&&(d.wp=d.wp||{},d.wp.receiveEmbedMessage||(d.wp.receiveEmbedMessage=function(e){var t=e.data;if((t||t.secret||t.message||t.value)&&!\/[^a-zA-Z0-9]\/.test(t.secret)){for(var s,r,n,a=l.querySelectorAll('iframe[data-secret=\"'+t.secret+'\"]'),o=l.querySelectorAll('blockquote[data-secret=\"'+t.secret+'\"]'),c=new RegExp(\"^https?:$\",\"i\"),i=0;i<o.length;i++)o[i].style.display=\"none\";for(i=0;i<a.length;i++)s=a[i],e.source===s.contentWindow&&(s.removeAttribute(\"style\"),\"height\"===t.message?(1e3<(r=parseInt(t.value,10))?r=1e3:~~r<200&&(r=200),s.height=r):\"link\"===t.message&&(r=new URL(s.getAttribute(\"src\")),n=new URL(t.value),c.test(n.protocol))&&n.host===r.host&&l.activeElement===s&&(d.top.location.href=t.value))}},d.addEventListener(\"message\",d.wp.receiveEmbedMessage,!1),l.addEventListener(\"DOMContentLoaded\",function(){for(var e,t,s=l.querySelectorAll(\"iframe.wp-embedded-content\"),r=0;r<s.length;r++)(t=(e=s[r]).getAttribute(\"data-secret\"))||(t=Math.random().toString(36).substring(2,12),e.src+=\"#?secret=\"+t,e.setAttribute(\"data-secret\",t)),e.contentWindow.postMessage({message:\"ready\",secret:t},\"*\")},!1)))}(window,document);\n\/\/# sourceURL=https:\/\/bierger.remich.lu\/wp-includes\/js\/wp-embed.min.js\n\/* ]]> *\/\n<\/script>\n","thumbnail_url":"https:\/\/bierger.remich.lu\/wp-content\/uploads\/sites\/3\/2016\/10\/Remich-Vereedegung-0026-circle-1020x1024.png","thumbnail_width":1020,"thumbnail_height":1024,"description":"Vertreter der Stadt Remich bei folgenden Aussch\u00fcssen, Vereinen und Kommunalverb\u00e4nden: Entente Touristique de la Moselle Luxembourgeoise asbl GIE Luxembourg for Commerce SIGI (Syndicat intercommunal de la Gestion Informatique) SIGRE (Syndicat intercommunal pour la gestion des d\u00e9chets m\u00e9nagers, encombrants et assimil\u00e9s en provenant des communes de la r\u00e9gion Grevenmacher, Remich et Echternach) SIAER (Syndicat Intercommunal pour... Mehr lesen \u00bb"}

Vertreter der Stadt Remich bei folgenden Ausschüssen, Vereinen und Kommunalverbänden: Entente Touristique de la Moselle Luxembourgeoise asbl GIE Luxembourg for Commerce SIGI (Syndicat intercommunal de la Gestion Informatique) SIGRE (Syndicat intercommunal pour la gestion des déchets ménagers, encombrants et assimilés en provenant des communes de la région Grevenmacher, Remich et Echternach) SIAER (Syndicat Intercommunal pour... Mehr lesen »
