{"version":"1.0","provider_name":"Ville de Remich","provider_url":"https:\/\/bierger.remich.lu\/de","author_name":"murielkayser","author_url":"#","title":"Abfallsammlungen - Ville de Remich","type":"rich","width":600,"height":338,"html":"<blockquote class=\"wp-embedded-content\" data-secret=\"i7dxVn0tmg\"><a href=\"https:\/\/bierger.remich.lu\/de\/ville-de-remich\/umwelt\/francais-gestion-des-dechets\/abfallsammlungen\/\">Abfallsammlungen<\/a><\/blockquote><iframe sandbox=\"allow-scripts\" security=\"restricted\" src=\"https:\/\/bierger.remich.lu\/de\/ville-de-remich\/umwelt\/francais-gestion-des-dechets\/abfallsammlungen\/embed\/#?secret=i7dxVn0tmg\" width=\"600\" height=\"338\" title=\"&#8222;Abfallsammlungen&#8220; &#8211; Ville de Remich\" data-secret=\"i7dxVn0tmg\" frameborder=\"0\" marginwidth=\"0\" marginheight=\"0\" scrolling=\"no\" class=\"wp-embedded-content\"><\/iframe><script type=\"text\/javascript\">\n\/* <![CDATA[ *\/\n\/*! This file is auto-generated *\/\n!function(d,l){\"use strict\";l.querySelector&&d.addEventListener&&\"undefined\"!=typeof URL&&(d.wp=d.wp||{},d.wp.receiveEmbedMessage||(d.wp.receiveEmbedMessage=function(e){var t=e.data;if((t||t.secret||t.message||t.value)&&!\/[^a-zA-Z0-9]\/.test(t.secret)){for(var s,r,n,a=l.querySelectorAll('iframe[data-secret=\"'+t.secret+'\"]'),o=l.querySelectorAll('blockquote[data-secret=\"'+t.secret+'\"]'),c=new RegExp(\"^https?:$\",\"i\"),i=0;i<o.length;i++)o[i].style.display=\"none\";for(i=0;i<a.length;i++)s=a[i],e.source===s.contentWindow&&(s.removeAttribute(\"style\"),\"height\"===t.message?(1e3<(r=parseInt(t.value,10))?r=1e3:~~r<200&&(r=200),s.height=r):\"link\"===t.message&&(r=new URL(s.getAttribute(\"src\")),n=new URL(t.value),c.test(n.protocol))&&n.host===r.host&&l.activeElement===s&&(d.top.location.href=t.value))}},d.addEventListener(\"message\",d.wp.receiveEmbedMessage,!1),l.addEventListener(\"DOMContentLoaded\",function(){for(var e,t,s=l.querySelectorAll(\"iframe.wp-embedded-content\"),r=0;r<s.length;r++)(t=(e=s[r]).getAttribute(\"data-secret\"))||(t=Math.random().toString(36).substring(2,12),e.src+=\"#?secret=\"+t,e.setAttribute(\"data-secret\",t)),e.contentWindow.postMessage({message:\"ready\",secret:t},\"*\")},!1)))}(window,document);\n\/\/# sourceURL=https:\/\/bierger.remich.lu\/wp-includes\/js\/wp-embed.min.js\n\/* ]]> *\/\n<\/script>\n","description":"Haus-zu-Haus-Sammlungen: Plastik (Valorlux) Papier Glas Hausm\u00fcll Biom\u00fcll Gartenabf\u00e4lle (von April bis Anfang November) Abfallbeh\u00e4lter und Schl\u00f6sser f\u00fcr Beh\u00e4lter und Container k\u00f6nnen beim B\u00fcrgerb\u00fcro der Stadt Remich mit dem entsprechenden Formular bestellt werden. Ein Beh\u00e4lter- und Containerreinigungsdienst kann bei der Firma Lamesch angefordert werden, die auch f\u00fcr die Entleerung der Beh\u00e4lter zust\u00e4ndig ist. Weitere Informationen finden... Mehr lesen \u00bb","thumbnail_url":"https:\/\/bierger.remich.lu\/wp-content\/uploads\/sites\/3\/2025\/06\/Poster-A6-LU-72dpi.jpg"}

Haus-zu-Haus-Sammlungen: Plastik (Valorlux) Papier Glas Hausmüll Biomüll Gartenabfälle (von April bis Anfang November) Abfallbehälter und Schlösser für Behälter und Container können beim Bürgerbüro der Stadt Remich mit dem entsprechenden Formular bestellt werden. Ein Behälter- und Containerreinigungsdienst kann bei der Firma Lamesch angefordert werden, die auch für die Entleerung der Behälter zuständig ist. Weitere Informationen finden... Mehr lesen »
