{"version":"1.0","provider_name":"Ville de Remich","provider_url":"https:\/\/bierger.remich.lu\/de","author_name":"murielkayser","author_url":"#","title":"Umweltberater - Ville de Remich","type":"rich","width":600,"height":338,"html":"<blockquote class=\"wp-embedded-content\" data-secret=\"ggqQ3CRfv5\"><a href=\"https:\/\/bierger.remich.lu\/de\/ville-de-remich\/umwelt\/umweltberater\/\">Umweltberater<\/a><\/blockquote><iframe sandbox=\"allow-scripts\" security=\"restricted\" src=\"https:\/\/bierger.remich.lu\/de\/ville-de-remich\/umwelt\/umweltberater\/embed\/#?secret=ggqQ3CRfv5\" width=\"600\" height=\"338\" title=\"&#8222;Umweltberater&#8220; &#8211; Ville de Remich\" data-secret=\"ggqQ3CRfv5\" frameborder=\"0\" marginwidth=\"0\" marginheight=\"0\" scrolling=\"no\" class=\"wp-embedded-content\"><\/iframe><script type=\"text\/javascript\">\n\/* <![CDATA[ *\/\n\/*! This file is auto-generated *\/\n!function(d,l){\"use strict\";l.querySelector&&d.addEventListener&&\"undefined\"!=typeof URL&&(d.wp=d.wp||{},d.wp.receiveEmbedMessage||(d.wp.receiveEmbedMessage=function(e){var t=e.data;if((t||t.secret||t.message||t.value)&&!\/[^a-zA-Z0-9]\/.test(t.secret)){for(var s,r,n,a=l.querySelectorAll('iframe[data-secret=\"'+t.secret+'\"]'),o=l.querySelectorAll('blockquote[data-secret=\"'+t.secret+'\"]'),c=new RegExp(\"^https?:$\",\"i\"),i=0;i<o.length;i++)o[i].style.display=\"none\";for(i=0;i<a.length;i++)s=a[i],e.source===s.contentWindow&&(s.removeAttribute(\"style\"),\"height\"===t.message?(1e3<(r=parseInt(t.value,10))?r=1e3:~~r<200&&(r=200),s.height=r):\"link\"===t.message&&(r=new URL(s.getAttribute(\"src\")),n=new URL(t.value),c.test(n.protocol))&&n.host===r.host&&l.activeElement===s&&(d.top.location.href=t.value))}},d.addEventListener(\"message\",d.wp.receiveEmbedMessage,!1),l.addEventListener(\"DOMContentLoaded\",function(){for(var e,t,s=l.querySelectorAll(\"iframe.wp-embedded-content\"),r=0;r<s.length;r++)(t=(e=s[r]).getAttribute(\"data-secret\"))||(t=Math.random().toString(36).substring(2,12),e.src+=\"#?secret=\"+t,e.setAttribute(\"data-secret\",t)),e.contentWindow.postMessage({message:\"ready\",secret:t},\"*\")},!1)))}(window,document);\n\/\/# sourceURL=https:\/\/bierger.remich.lu\/wp-includes\/js\/wp-embed.min.js\n\/* ]]> *\/\n<\/script>\n","thumbnail_url":"https:\/\/bierger.remich.lu\/wp-content\/uploads\/sites\/3\/2017\/09\/309B8013-1024x683.jpg","thumbnail_width":1024,"thumbnail_height":683,"description":"Am 31. Juli 2021 ist das Gesetz zum Naturpakt beschlossen worden. Mit diesem sollen die Gemeinden durch Anreize bei der Umsetzung von Naturschutzma\u00dfnahmen unterst\u00fctzt und ihrer wichtigen Rolle Rechnung getragen werden. F\u00fcr das Erreichen der Vorgaben wird den Gemeinden ein Naturpaktberater zur Seite gestellt, der sie bei den Vorhaben unterst\u00fctzt. Der Umweltberater fungiert als Ansprechpartner... Mehr lesen \u00bb"}

Am 31. Juli 2021 ist das Gesetz zum Naturpakt beschlossen worden. Mit diesem sollen die Gemeinden durch Anreize bei der Umsetzung von Naturschutzmaßnahmen unterstützt und ihrer wichtigen Rolle Rechnung getragen werden. Für das Erreichen der Vorgaben wird den Gemeinden ein Naturpaktberater zur Seite gestellt, der sie bei den Vorhaben unterstützt. Der Umweltberater fungiert als Ansprechpartner... Mehr lesen »
