{"version":"1.0","provider_name":"Ville de Remich","provider_url":"https:\/\/bierger.remich.lu\/fr","author_name":"carolesitz","author_url":"#","title":"19.12 | R\u00e9imecher Moart &gt;&gt;&gt; Place Dr F. Kons - Ville de Remich","type":"rich","width":600,"height":338,"html":"<blockquote class=\"wp-embedded-content\" data-secret=\"7165nul6ky\"><a href=\"https:\/\/bierger.remich.lu\/fr\/2022\/12\/16\/19-12-reimecher-moart-place-dr-f-kons\/\">19.12 | R\u00e9imecher Moart &gt;&gt;&gt; Place Dr F. Kons<\/a><\/blockquote><iframe sandbox=\"allow-scripts\" security=\"restricted\" src=\"https:\/\/bierger.remich.lu\/fr\/2022\/12\/16\/19-12-reimecher-moart-place-dr-f-kons\/embed\/#?secret=7165nul6ky\" width=\"600\" height=\"338\" title=\"&#8220;19.12 | R\u00e9imecher Moart &gt;&gt;&gt; Place Dr F. Kons&#8221; &#8212; Ville de Remich\" data-secret=\"7165nul6ky\" frameborder=\"0\" marginwidth=\"0\" marginheight=\"0\" scrolling=\"no\" class=\"wp-embedded-content\"><\/iframe><script type=\"text\/javascript\">\n\/* <![CDATA[ *\/\n\/*! This file is auto-generated *\/\n!function(d,l){\"use strict\";l.querySelector&&d.addEventListener&&\"undefined\"!=typeof URL&&(d.wp=d.wp||{},d.wp.receiveEmbedMessage||(d.wp.receiveEmbedMessage=function(e){var t=e.data;if((t||t.secret||t.message||t.value)&&!\/[^a-zA-Z0-9]\/.test(t.secret)){for(var s,r,n,a=l.querySelectorAll('iframe[data-secret=\"'+t.secret+'\"]'),o=l.querySelectorAll('blockquote[data-secret=\"'+t.secret+'\"]'),c=new RegExp(\"^https?:$\",\"i\"),i=0;i<o.length;i++)o[i].style.display=\"none\";for(i=0;i<a.length;i++)s=a[i],e.source===s.contentWindow&&(s.removeAttribute(\"style\"),\"height\"===t.message?(1e3<(r=parseInt(t.value,10))?r=1e3:~~r<200&&(r=200),s.height=r):\"link\"===t.message&&(r=new URL(s.getAttribute(\"src\")),n=new URL(t.value),c.test(n.protocol))&&n.host===r.host&&l.activeElement===s&&(d.top.location.href=t.value))}},d.addEventListener(\"message\",d.wp.receiveEmbedMessage,!1),l.addEventListener(\"DOMContentLoaded\",function(){for(var e,t,s=l.querySelectorAll(\"iframe.wp-embedded-content\"),r=0;r<s.length;r++)(t=(e=s[r]).getAttribute(\"data-secret\"))||(t=Math.random().toString(36).substring(2,12),e.src+=\"#?secret=\"+t,e.setAttribute(\"data-secret\",t)),e.contentWindow.postMessage({message:\"ready\",secret:t},\"*\")},!1)))}(window,document);\n\/\/# sourceURL=https:\/\/bierger.remich.lu\/wp-includes\/js\/wp-embed.min.js\n\/* ]]> *\/\n<\/script>\n","description":"Le march\u00e9 mensuel &#8220;R\u00e9imecher Moart&#8221; du lundi 19 d\u00e9cembre 2022 aura lieu sur la Place D F. Kons. \u00c0 partir de 12:00 : Food corner 14:00-18:00 : march\u00e9","thumbnail_url":"https:\/\/bierger.remich.lu\/wp-content\/uploads\/sites\/3\/2022\/12\/141-012202_Remich-Moart_251x50mm_WEB-300x60.jpg"}

19.12 | Réimecher Moart &gt;&gt;&gt; Place Dr F. Kons - Ville de Remich

<blockquote class="wp-embedded-content" data-secret="7165nul6ky"><a href="https://bierger.remich.lu/fr/2022/12/16/19-12-reimecher-moart-place-dr-f-kons/">19.12 | Réimecher Moart &gt;&gt;&gt; Place Dr F. Kons</a></blockquote><iframe sandbox="allow-scripts" security="restricted" src="https://bierger.remich.lu/fr/2022/12/16/19-12-reimecher-moart-place-dr-f-kons/embed/#?secret=7165nul6ky" width="600" height="338" title="&#8220;19.12 | Réimecher Moart &gt;&gt;&gt; Place Dr F. Kons&#8221; &#8212; Ville de Remich" data-secret="7165nul6ky" frameborder="0" marginwidth="0" marginheight="0" scrolling="no" class="wp-embedded-content"></iframe><script type="text/javascript">
/* <![CDATA[ */
/*! This file is auto-generated */
!function(d,l){"use strict";l.querySelector&&d.addEventListener&&"undefined"!=typeof URL&&(d.wp=d.wp||{},d.wp.receiveEmbedMessage||(d.wp.receiveEmbedMessage=function(e){var t=e.data;if((t||t.secret||t.message||t.value)&&!/[^a-zA-Z0-9]/.test(t.secret)){for(var s,r,n,a=l.querySelectorAll('iframe[data-secret="'+t.secret+'"]'),o=l.querySelectorAll('blockquote[data-secret="'+t.secret+'"]'),c=new RegExp("^https?:$","i"),i=0;i<o.length;i++)o[i].style.display="none";for(i=0;i<a.length;i++)s=a[i],e.source===s.contentWindow&&(s.removeAttribute("style"),"height"===t.message?(1e3<(r=parseInt(t.value,10))?r=1e3:~~r<200&&(r=200),s.height=r):"link"===t.message&&(r=new URL(s.getAttribute("src")),n=new URL(t.value),c.test(n.protocol))&&n.host===r.host&&l.activeElement===s&&(d.top.location.href=t.value))}},d.addEventListener("message",d.wp.receiveEmbedMessage,!1),l.addEventListener("DOMContentLoaded",function(){for(var e,t,s=l.querySelectorAll("iframe.wp-embedded-content"),r=0;r<s.length;r++)(t=(e=s[r]).getAttribute("data-secret"))||(t=Math.random().toString(36).substring(2,12),e.src+="#?secret="+t,e.setAttribute("data-secret",t)),e.contentWindow.postMessage({message:"ready",secret:t},"*")},!1)))}(window,document);
//# sourceURL=https://bierger.remich.lu/wp-includes/js/wp-embed.min.js
/* ]]> */
</script>

Le marché mensuel &#8220;Réimecher Moart&#8221; du lundi 19 décembre 2022 aura lieu sur la Place D F. Kons. À partir de 12:00 : Food corner 14:00-18:00 : marché
