{"version":"1.0","provider_name":"Ville de Remich","provider_url":"https:\/\/bierger.remich.lu\/fr","author_name":"murielkayser","author_url":"#","title":"Cavalcade | Infos cirulation &amp; transport public - Ville de Remich","type":"rich","width":600,"height":338,"html":"<blockquote class=\"wp-embedded-content\" data-secret=\"xDsJj0wEfg\"><a href=\"https:\/\/bierger.remich.lu\/fr\/2023\/03\/15\/karnevalsumzug-infos-strassensperrungen-busverkehr\/\">Cavalcade | Infos cirulation &amp; transport public<\/a><\/blockquote><iframe sandbox=\"allow-scripts\" security=\"restricted\" src=\"https:\/\/bierger.remich.lu\/fr\/2023\/03\/15\/karnevalsumzug-infos-strassensperrungen-busverkehr\/embed\/#?secret=xDsJj0wEfg\" width=\"600\" height=\"338\" title=\"\u00ab\u00a0Cavalcade | Infos cirulation &amp; transport public\u00a0\u00bb &#8212; Ville de Remich\" data-secret=\"xDsJj0wEfg\" frameborder=\"0\" marginwidth=\"0\" marginheight=\"0\" scrolling=\"no\" class=\"wp-embedded-content\"><\/iframe><script type=\"text\/javascript\">\n\/* <![CDATA[ *\/\n\/*! This file is auto-generated *\/\n!function(d,l){\"use strict\";l.querySelector&&d.addEventListener&&\"undefined\"!=typeof URL&&(d.wp=d.wp||{},d.wp.receiveEmbedMessage||(d.wp.receiveEmbedMessage=function(e){var t=e.data;if((t||t.secret||t.message||t.value)&&!\/[^a-zA-Z0-9]\/.test(t.secret)){for(var s,r,n,a=l.querySelectorAll('iframe[data-secret=\"'+t.secret+'\"]'),o=l.querySelectorAll('blockquote[data-secret=\"'+t.secret+'\"]'),c=new RegExp(\"^https?:$\",\"i\"),i=0;i<o.length;i++)o[i].style.display=\"none\";for(i=0;i<a.length;i++)s=a[i],e.source===s.contentWindow&&(s.removeAttribute(\"style\"),\"height\"===t.message?(1e3<(r=parseInt(t.value,10))?r=1e3:~~r<200&&(r=200),s.height=r):\"link\"===t.message&&(r=new URL(s.getAttribute(\"src\")),n=new URL(t.value),c.test(n.protocol))&&n.host===r.host&&l.activeElement===s&&(d.top.location.href=t.value))}},d.addEventListener(\"message\",d.wp.receiveEmbedMessage,!1),l.addEventListener(\"DOMContentLoaded\",function(){for(var e,t,s=l.querySelectorAll(\"iframe.wp-embedded-content\"),r=0;r<s.length;r++)(t=(e=s[r]).getAttribute(\"data-secret\"))||(t=Math.random().toString(36).substring(2,12),e.src+=\"#?secret=\"+t,e.setAttribute(\"data-secret\",t)),e.contentWindow.postMessage({message:\"ready\",secret:t},\"*\")},!1)))}(window,document);\n\/\/# sourceURL=https:\/\/bierger.remich.lu\/wp-includes\/js\/wp-embed.min.js\n\/* ]]> *\/\n<\/script>\n","description":"Circulation En raison de la cavalcade plusieurs rues seront inaccessibles \u00e0 Remich, le dimanche, 19 mars 2023 \u00e0 partir de 13 heures jusqu&rsquo;\u00e0 la fin de la manifestation (vers 18 heures). En outre, le stationnement sera interdit \u00e0 de nombreux endroits. Veuillez tenir compte de la signalisation avec les horaires d\u00e9taill\u00e9s des interdictions de stationnement... Lire la suite \u00bb"}

Circulation En raison de la cavalcade plusieurs rues seront inaccessibles à Remich, le dimanche, 19 mars 2023 à partir de 13 heures jusqu&rsquo;à la fin de la manifestation (vers 18 heures). En outre, le stationnement sera interdit à de nombreux endroits. Veuillez tenir compte de la signalisation avec les horaires détaillés des interdictions de stationnement... Lire la suite »
