{"version":"1.0","provider_name":"Ville de Remich","provider_url":"https:\/\/bierger.remich.lu\/fr","author_name":"carolesitz","author_url":"#","title":"Cr\u00e9matorium de Hamm | Travaux en cours - Ville de Remich","type":"rich","width":600,"height":338,"html":"<blockquote class=\"wp-embedded-content\" data-secret=\"7WdBVp3ag9\"><a href=\"https:\/\/bierger.remich.lu\/fr\/2023\/10\/12\/krematorium-hamm-umbauarbeiten\/\">Cr\u00e9matorium de Hamm | Travaux en cours<\/a><\/blockquote><iframe sandbox=\"allow-scripts\" security=\"restricted\" src=\"https:\/\/bierger.remich.lu\/fr\/2023\/10\/12\/krematorium-hamm-umbauarbeiten\/embed\/#?secret=7WdBVp3ag9\" width=\"600\" height=\"338\" title=\"\u00ab\u00a0Cr\u00e9matorium de Hamm | Travaux en cours\u00a0\u00bb &#8212; Ville de Remich\" data-secret=\"7WdBVp3ag9\" frameborder=\"0\" marginwidth=\"0\" marginheight=\"0\" scrolling=\"no\" class=\"wp-embedded-content\"><\/iframe><script type=\"text\/javascript\">\n\/* <![CDATA[ *\/\n\/*! This file is auto-generated *\/\n!function(d,l){\"use strict\";l.querySelector&&d.addEventListener&&\"undefined\"!=typeof URL&&(d.wp=d.wp||{},d.wp.receiveEmbedMessage||(d.wp.receiveEmbedMessage=function(e){var t=e.data;if((t||t.secret||t.message||t.value)&&!\/[^a-zA-Z0-9]\/.test(t.secret)){for(var s,r,n,a=l.querySelectorAll('iframe[data-secret=\"'+t.secret+'\"]'),o=l.querySelectorAll('blockquote[data-secret=\"'+t.secret+'\"]'),c=new RegExp(\"^https?:$\",\"i\"),i=0;i<o.length;i++)o[i].style.display=\"none\";for(i=0;i<a.length;i++)s=a[i],e.source===s.contentWindow&&(s.removeAttribute(\"style\"),\"height\"===t.message?(1e3<(r=parseInt(t.value,10))?r=1e3:~~r<200&&(r=200),s.height=r):\"link\"===t.message&&(r=new URL(s.getAttribute(\"src\")),n=new URL(t.value),c.test(n.protocol))&&n.host===r.host&&l.activeElement===s&&(d.top.location.href=t.value))}},d.addEventListener(\"message\",d.wp.receiveEmbedMessage,!1),l.addEventListener(\"DOMContentLoaded\",function(){for(var e,t,s=l.querySelectorAll(\"iframe.wp-embedded-content\"),r=0;r<s.length;r++)(t=(e=s[r]).getAttribute(\"data-secret\"))||(t=Math.random().toString(36).substring(2,12),e.src+=\"#?secret=\"+t,e.setAttribute(\"data-secret\",t)),e.contentWindow.postMessage({message:\"ready\",secret:t},\"*\")},!1)))}(window,document);\n\/\/# sourceURL=https:\/\/bierger.remich.lu\/wp-includes\/js\/wp-embed.min.js\n\/* ]]> *\/\n<\/script>\n","description":"En raison de travaux au cr\u00e9matoire \u00e0 Hamm entre septembre 2023 et d\u00e9cembre 2024, d\u2019importants temps d\u2019attente pour les c\u00e9r\u00e9monies d\u2019adieu sont possibles. Nous vous informons qu\u2019il est \u00e9galement possible d\u2019organiser une telle c\u00e9r\u00e9monie au cimeti\u00e8re communal. Pour plus d\u2019informations, nous vous prions de contacter l\u2019office des citoyens."}

Crématorium de Hamm | Travaux en cours - Ville de Remich

<blockquote class="wp-embedded-content" data-secret="7WdBVp3ag9"><a href="https://bierger.remich.lu/fr/2023/10/12/krematorium-hamm-umbauarbeiten/">Crématorium de Hamm | Travaux en cours</a></blockquote><iframe sandbox="allow-scripts" security="restricted" src="https://bierger.remich.lu/fr/2023/10/12/krematorium-hamm-umbauarbeiten/embed/#?secret=7WdBVp3ag9" width="600" height="338" title="« Crématorium de Hamm | Travaux en cours » &#8212; Ville de Remich" data-secret="7WdBVp3ag9" frameborder="0" marginwidth="0" marginheight="0" scrolling="no" class="wp-embedded-content"></iframe><script type="text/javascript">
/* <![CDATA[ */
/*! This file is auto-generated */
!function(d,l){"use strict";l.querySelector&&d.addEventListener&&"undefined"!=typeof URL&&(d.wp=d.wp||{},d.wp.receiveEmbedMessage||(d.wp.receiveEmbedMessage=function(e){var t=e.data;if((t||t.secret||t.message||t.value)&&!/[^a-zA-Z0-9]/.test(t.secret)){for(var s,r,n,a=l.querySelectorAll('iframe[data-secret="'+t.secret+'"]'),o=l.querySelectorAll('blockquote[data-secret="'+t.secret+'"]'),c=new RegExp("^https?:$","i"),i=0;i<o.length;i++)o[i].style.display="none";for(i=0;i<a.length;i++)s=a[i],e.source===s.contentWindow&&(s.removeAttribute("style"),"height"===t.message?(1e3<(r=parseInt(t.value,10))?r=1e3:~~r<200&&(r=200),s.height=r):"link"===t.message&&(r=new URL(s.getAttribute("src")),n=new URL(t.value),c.test(n.protocol))&&n.host===r.host&&l.activeElement===s&&(d.top.location.href=t.value))}},d.addEventListener("message",d.wp.receiveEmbedMessage,!1),l.addEventListener("DOMContentLoaded",function(){for(var e,t,s=l.querySelectorAll("iframe.wp-embedded-content"),r=0;r<s.length;r++)(t=(e=s[r]).getAttribute("data-secret"))||(t=Math.random().toString(36).substring(2,12),e.src+="#?secret="+t,e.setAttribute("data-secret",t)),e.contentWindow.postMessage({message:"ready",secret:t},"*")},!1)))}(window,document);
//# sourceURL=https://bierger.remich.lu/wp-includes/js/wp-embed.min.js
/* ]]> */
</script>

En raison de travaux au crématoire à Hamm entre septembre 2023 et décembre 2024, d’importants temps d’attente pour les cérémonies d’adieu sont possibles. Nous vous informons qu’il est également possible d’organiser une telle cérémonie au cimetière communal. Pour plus d’informations, nous vous prions de contacter l’office des citoyens.
