{"version":"1.0","provider_name":"Ville de Remich","provider_url":"https:\/\/bierger.remich.lu\/fr","author_name":"murielkayser","author_url":"#","title":"Soir\u00e9e des citoyens | 21.03.2025 - Ville de Remich","type":"rich","width":600,"height":338,"html":"<blockquote class=\"wp-embedded-content\" data-secret=\"3QbIVuhkjr\"><a href=\"https:\/\/bierger.remich.lu\/fr\/2025\/03\/19\/buergerabend-21-03-2025\/\">Soir\u00e9e des citoyens | 21.03.2025<\/a><\/blockquote><iframe sandbox=\"allow-scripts\" security=\"restricted\" src=\"https:\/\/bierger.remich.lu\/fr\/2025\/03\/19\/buergerabend-21-03-2025\/embed\/#?secret=3QbIVuhkjr\" width=\"600\" height=\"338\" title=\"\u00ab\u00a0Soir\u00e9e des citoyens | 21.03.2025\u00a0\u00bb &#8212; Ville de Remich\" data-secret=\"3QbIVuhkjr\" frameborder=\"0\" marginwidth=\"0\" marginheight=\"0\" scrolling=\"no\" class=\"wp-embedded-content\"><\/iframe><script type=\"text\/javascript\">\n\/* <![CDATA[ *\/\n\/*! This file is auto-generated *\/\n!function(d,l){\"use strict\";l.querySelector&&d.addEventListener&&\"undefined\"!=typeof URL&&(d.wp=d.wp||{},d.wp.receiveEmbedMessage||(d.wp.receiveEmbedMessage=function(e){var t=e.data;if((t||t.secret||t.message||t.value)&&!\/[^a-zA-Z0-9]\/.test(t.secret)){for(var s,r,n,a=l.querySelectorAll('iframe[data-secret=\"'+t.secret+'\"]'),o=l.querySelectorAll('blockquote[data-secret=\"'+t.secret+'\"]'),c=new RegExp(\"^https?:$\",\"i\"),i=0;i<o.length;i++)o[i].style.display=\"none\";for(i=0;i<a.length;i++)s=a[i],e.source===s.contentWindow&&(s.removeAttribute(\"style\"),\"height\"===t.message?(1e3<(r=parseInt(t.value,10))?r=1e3:~~r<200&&(r=200),s.height=r):\"link\"===t.message&&(r=new URL(s.getAttribute(\"src\")),n=new URL(t.value),c.test(n.protocol))&&n.host===r.host&&l.activeElement===s&&(d.top.location.href=t.value))}},d.addEventListener(\"message\",d.wp.receiveEmbedMessage,!1),l.addEventListener(\"DOMContentLoaded\",function(){for(var e,t,s=l.querySelectorAll(\"iframe.wp-embedded-content\"),r=0;r<s.length;r++)(t=(e=s[r]).getAttribute(\"data-secret\"))||(t=Math.random().toString(36).substring(2,12),e.src+=\"#?secret=\"+t,e.setAttribute(\"data-secret\",t)),e.contentWindow.postMessage({message:\"ready\",secret:t},\"*\")},!1)))}(window,document);\n\/\/# sourceURL=https:\/\/bierger.remich.lu\/wp-includes\/js\/wp-embed.min.js\n\/* ]]> *\/\n<\/script>\n","description":"Le coll\u00e8ge \u00e9chevinal de la Ville de Remich invite ses citoyens \u00e0 une \u00ab\u00a0Soir\u00e9e des Citoyens\u00a0\u00bb qui se tiendra le vendredi 21.03.2025 \u00e0 19h00 dans la grande tente sur le parking de la piscine. Autour d\u2019un verre d&rsquo;amiti\u00e9, vous serez inform\u00e9s sur les projets en cours et futurs, les \u00e9v\u00e8nements qui marquent notre ville ainsi... Lire la suite \u00bb"}

Soirée des citoyens | 21.03.2025 - Ville de Remich

<blockquote class="wp-embedded-content" data-secret="3QbIVuhkjr"><a href="https://bierger.remich.lu/fr/2025/03/19/buergerabend-21-03-2025/">Soirée des citoyens | 21.03.2025</a></blockquote><iframe sandbox="allow-scripts" security="restricted" src="https://bierger.remich.lu/fr/2025/03/19/buergerabend-21-03-2025/embed/#?secret=3QbIVuhkjr" width="600" height="338" title="« Soirée des citoyens | 21.03.2025 » &#8212; Ville de Remich" data-secret="3QbIVuhkjr" frameborder="0" marginwidth="0" marginheight="0" scrolling="no" class="wp-embedded-content"></iframe><script type="text/javascript">
/* <![CDATA[ */
/*! This file is auto-generated */
!function(d,l){"use strict";l.querySelector&&d.addEventListener&&"undefined"!=typeof URL&&(d.wp=d.wp||{},d.wp.receiveEmbedMessage||(d.wp.receiveEmbedMessage=function(e){var t=e.data;if((t||t.secret||t.message||t.value)&&!/[^a-zA-Z0-9]/.test(t.secret)){for(var s,r,n,a=l.querySelectorAll('iframe[data-secret="'+t.secret+'"]'),o=l.querySelectorAll('blockquote[data-secret="'+t.secret+'"]'),c=new RegExp("^https?:$","i"),i=0;i<o.length;i++)o[i].style.display="none";for(i=0;i<a.length;i++)s=a[i],e.source===s.contentWindow&&(s.removeAttribute("style"),"height"===t.message?(1e3<(r=parseInt(t.value,10))?r=1e3:~~r<200&&(r=200),s.height=r):"link"===t.message&&(r=new URL(s.getAttribute("src")),n=new URL(t.value),c.test(n.protocol))&&n.host===r.host&&l.activeElement===s&&(d.top.location.href=t.value))}},d.addEventListener("message",d.wp.receiveEmbedMessage,!1),l.addEventListener("DOMContentLoaded",function(){for(var e,t,s=l.querySelectorAll("iframe.wp-embedded-content"),r=0;r<s.length;r++)(t=(e=s[r]).getAttribute("data-secret"))||(t=Math.random().toString(36).substring(2,12),e.src+="#?secret="+t,e.setAttribute("data-secret",t)),e.contentWindow.postMessage({message:"ready",secret:t},"*")},!1)))}(window,document);
//# sourceURL=https://bierger.remich.lu/wp-includes/js/wp-embed.min.js
/* ]]> */
</script>

Le collège échevinal de la Ville de Remich invite ses citoyens à une « Soirée des Citoyens » qui se tiendra le vendredi 21.03.2025 à 19h00 dans la grande tente sur le parking de la piscine. Autour d’un verre d&rsquo;amitié, vous serez informés sur les projets en cours et futurs, les évènements qui marquent notre ville ainsi... Lire la suite »
