{"version":"1.0","provider_name":"Ville de Remich","provider_url":"https:\/\/bierger.remich.lu\/fr","author_name":"murielkayser","author_url":"#","title":"Info collecte porte-\u00e0-porte | UNICEF Luxembourg - Ville de Remich","type":"rich","width":600,"height":338,"html":"<blockquote class=\"wp-embedded-content\" data-secret=\"AR5ygEqEGv\"><a href=\"https:\/\/bierger.remich.lu\/fr\/2025\/11\/04\/info-spendensammelaktion-unicef-luxembourg-3\/\">Info collecte porte-\u00e0-porte | UNICEF Luxembourg<\/a><\/blockquote><iframe sandbox=\"allow-scripts\" security=\"restricted\" src=\"https:\/\/bierger.remich.lu\/fr\/2025\/11\/04\/info-spendensammelaktion-unicef-luxembourg-3\/embed\/#?secret=AR5ygEqEGv\" width=\"600\" height=\"338\" title=\"&#8220;Info collecte porte-\u00e0-porte | UNICEF Luxembourg&#8221; &#8212; Ville de Remich\" data-secret=\"AR5ygEqEGv\" frameborder=\"0\" marginwidth=\"0\" marginheight=\"0\" scrolling=\"no\" class=\"wp-embedded-content\"><\/iframe><script type=\"text\/javascript\">\n\/* <![CDATA[ *\/\n\/*! This file is auto-generated *\/\n!function(d,l){\"use strict\";l.querySelector&&d.addEventListener&&\"undefined\"!=typeof URL&&(d.wp=d.wp||{},d.wp.receiveEmbedMessage||(d.wp.receiveEmbedMessage=function(e){var t=e.data;if((t||t.secret||t.message||t.value)&&!\/[^a-zA-Z0-9]\/.test(t.secret)){for(var s,r,n,a=l.querySelectorAll('iframe[data-secret=\"'+t.secret+'\"]'),o=l.querySelectorAll('blockquote[data-secret=\"'+t.secret+'\"]'),c=new RegExp(\"^https?:$\",\"i\"),i=0;i<o.length;i++)o[i].style.display=\"none\";for(i=0;i<a.length;i++)s=a[i],e.source===s.contentWindow&&(s.removeAttribute(\"style\"),\"height\"===t.message?(1e3<(r=parseInt(t.value,10))?r=1e3:~~r<200&&(r=200),s.height=r):\"link\"===t.message&&(r=new URL(s.getAttribute(\"src\")),n=new URL(t.value),c.test(n.protocol))&&n.host===r.host&&l.activeElement===s&&(d.top.location.href=t.value))}},d.addEventListener(\"message\",d.wp.receiveEmbedMessage,!1),l.addEventListener(\"DOMContentLoaded\",function(){for(var e,t,s=l.querySelectorAll(\"iframe.wp-embedded-content\"),r=0;r<s.length;r++)(t=(e=s[r]).getAttribute(\"data-secret\"))||(t=Math.random().toString(36).substring(2,12),e.src+=\"#?secret=\"+t,e.setAttribute(\"data-secret\",t)),e.contentWindow.postMessage({message:\"ready\",secret:t},\"*\")},!1)))}(window,document);\n\/\/# sourceURL=https:\/\/bierger.remich.lu\/wp-includes\/js\/wp-embed.min.js\n\/* ]]> *\/\n<\/script>\n","description":"Entre le 03 et le 08 novembre 2025 UNICEF Luxembourg proc\u00e8de \u00e0 ses collectes porte-\u00e0-porte \u00e0 Remich afin d\u2019obtenir le soutien mensuel de nouveaux donateurs. Les collecteurs sont facilement identifiables gr\u00e2ce \u00e0 leurs tenues aux couleurs de l\u2019UNICEF et \u00e0 leurs badges d\u2019identification tamponn\u00e9s par l&#8217;ONG. Les soutiens financiers se font exclusivement par domiciliations bancaires... Lire la suite \u00bb","thumbnail_url":"https:\/\/bierger.remich.lu\/wp-content\/uploads\/sites\/3\/2024\/10\/Photo-recruteurs.jpg","thumbnail_width":1920,"thumbnail_height":1281}

Info collecte porte-à-porte | UNICEF Luxembourg - Ville de Remich

<blockquote class="wp-embedded-content" data-secret="AR5ygEqEGv"><a href="https://bierger.remich.lu/fr/2025/11/04/info-spendensammelaktion-unicef-luxembourg-3/">Info collecte porte-à-porte | UNICEF Luxembourg</a></blockquote><iframe sandbox="allow-scripts" security="restricted" src="https://bierger.remich.lu/fr/2025/11/04/info-spendensammelaktion-unicef-luxembourg-3/embed/#?secret=AR5ygEqEGv" width="600" height="338" title="&#8220;Info collecte porte-à-porte | UNICEF Luxembourg&#8221; &#8212; Ville de Remich" data-secret="AR5ygEqEGv" frameborder="0" marginwidth="0" marginheight="0" scrolling="no" class="wp-embedded-content"></iframe><script type="text/javascript">
/* <![CDATA[ */
/*! This file is auto-generated */
!function(d,l){"use strict";l.querySelector&&d.addEventListener&&"undefined"!=typeof URL&&(d.wp=d.wp||{},d.wp.receiveEmbedMessage||(d.wp.receiveEmbedMessage=function(e){var t=e.data;if((t||t.secret||t.message||t.value)&&!/[^a-zA-Z0-9]/.test(t.secret)){for(var s,r,n,a=l.querySelectorAll('iframe[data-secret="'+t.secret+'"]'),o=l.querySelectorAll('blockquote[data-secret="'+t.secret+'"]'),c=new RegExp("^https?:$","i"),i=0;i<o.length;i++)o[i].style.display="none";for(i=0;i<a.length;i++)s=a[i],e.source===s.contentWindow&&(s.removeAttribute("style"),"height"===t.message?(1e3<(r=parseInt(t.value,10))?r=1e3:~~r<200&&(r=200),s.height=r):"link"===t.message&&(r=new URL(s.getAttribute("src")),n=new URL(t.value),c.test(n.protocol))&&n.host===r.host&&l.activeElement===s&&(d.top.location.href=t.value))}},d.addEventListener("message",d.wp.receiveEmbedMessage,!1),l.addEventListener("DOMContentLoaded",function(){for(var e,t,s=l.querySelectorAll("iframe.wp-embedded-content"),r=0;r<s.length;r++)(t=(e=s[r]).getAttribute("data-secret"))||(t=Math.random().toString(36).substring(2,12),e.src+="#?secret="+t,e.setAttribute("data-secret",t)),e.contentWindow.postMessage({message:"ready",secret:t},"*")},!1)))}(window,document);
//# sourceURL=https://bierger.remich.lu/wp-includes/js/wp-embed.min.js
/* ]]> */
</script>

Entre le 03 et le 08 novembre 2025 UNICEF Luxembourg procède à ses collectes porte-à-porte à Remich afin d’obtenir le soutien mensuel de nouveaux donateurs. Les collecteurs sont facilement identifiables grâce à leurs tenues aux couleurs de l’UNICEF et à leurs badges d’identification tamponnés par l&#8217;ONG. Les soutiens financiers se font exclusivement par domiciliations bancaires... Lire la suite »
