{"version":"1.0","provider_name":"Ville de Remich","provider_url":"https:\/\/bierger.remich.lu\/fr","author_name":"mhentzen","author_url":"#","title":"Suppression des \u00ab \u00e9cobacs \u00bb \u00e0 compter du 1er janvier 2027 - Ville de Remich","type":"rich","width":600,"height":338,"html":"<blockquote class=\"wp-embedded-content\" data-secret=\"vC37nOJ3t4\"><a href=\"https:\/\/bierger.remich.lu\/fr\/2026\/09\/03\/abschaffung-der-ecobacs-ab-dem-1-januar-2027\/\">Suppression des \u00ab \u00e9cobacs \u00bb \u00e0 compter du 1er janvier 2027<\/a><\/blockquote><iframe sandbox=\"allow-scripts\" security=\"restricted\" src=\"https:\/\/bierger.remich.lu\/fr\/2026\/09\/03\/abschaffung-der-ecobacs-ab-dem-1-januar-2027\/embed\/#?secret=vC37nOJ3t4\" width=\"600\" height=\"338\" title=\"\u00ab\u00a0Suppression des \u00ab \u00e9cobacs \u00bb \u00e0 compter du 1er janvier 2027\u00a0\u00bb &#8212; Ville de Remich\" data-secret=\"vC37nOJ3t4\" frameborder=\"0\" marginwidth=\"0\" marginheight=\"0\" scrolling=\"no\" class=\"wp-embedded-content\"><\/iframe><script>\n\/*! This file is auto-generated *\/\n!function(d,l){\"use strict\";l.querySelector&&d.addEventListener&&\"undefined\"!=typeof URL&&(d.wp=d.wp||{},d.wp.receiveEmbedMessage||(d.wp.receiveEmbedMessage=function(e){var t=e.data;if((t||t.secret||t.message||t.value)&&!\/[^a-zA-Z0-9]\/.test(t.secret)){for(var s,r,n,a=l.querySelectorAll('iframe[data-secret=\"'+t.secret+'\"]'),o=l.querySelectorAll('blockquote[data-secret=\"'+t.secret+'\"]'),c=new RegExp(\"^https?:$\",\"i\"),i=0;i<o.length;i++)o[i].style.display=\"none\";for(i=0;i<a.length;i++)s=a[i],e.source===s.contentWindow&&(s.removeAttribute(\"style\"),\"height\"===t.message?(1e3<(r=parseInt(t.value,10))?r=1e3:~~r<200&&(r=200),s.height=r):\"link\"===t.message&&(r=new URL(s.getAttribute(\"src\")),n=new URL(t.value),c.test(n.protocol))&&n.host===r.host&&l.activeElement===s&&(d.top.location.href=t.value))}},d.addEventListener(\"message\",d.wp.receiveEmbedMessage,!1),l.addEventListener(\"DOMContentLoaded\",function(){for(var e,t,s=l.querySelectorAll(\"iframe.wp-embedded-content\"),r=0;r<s.length;r++)(t=(e=s[r]).getAttribute(\"data-secret\"))||(t=Math.random().toString(36).substring(2,12),e.src+=\"#?secret=\"+t,e.setAttribute(\"data-secret\",t)),e.contentWindow.postMessage({message:\"ready\",secret:t},\"*\")},!1)))}(window,document);\n\/\/# sourceURL=https:\/\/bierger.remich.lu\/wp-includes\/js\/wp-embed.min.js\n<\/script>\n","thumbnail_url":"https:\/\/bierger.remich.lu\/wp-content\/uploads\/sites\/3\/2026\/09\/Ecobac.png","thumbnail_width":984,"thumbnail_height":874,"description":"Les citoyens sont inform\u00e9s que le syndicat SIGRE a d\u00e9cid\u00e9 de supprimer les \u00ab \u00e9cobacs \u00bb de son syst\u00e8me de r\u00e9cipients de vidage \u00e0 compter du 1er janvier 2027. Par cons\u00e9quent, les \u00ab \u00e9cobacs \u00bb devront \u00eatre remplac\u00e9s par une poubelle. Que devez-vous faire ? Les m\u00e9nages disposant actuellement d\u2019un \u00ab \u00e9cobac \u00bb sont invit\u00e9s [&hellip;]"}

Suppression des « écobacs » à compter du 1er janvier 2027 - Ville de Remich

<blockquote class="wp-embedded-content" data-secret="vC37nOJ3t4"><a href="https://bierger.remich.lu/fr/2026/09/03/abschaffung-der-ecobacs-ab-dem-1-januar-2027/">Suppression des « écobacs » à compter du 1er janvier 2027</a></blockquote><iframe sandbox="allow-scripts" security="restricted" src="https://bierger.remich.lu/fr/2026/09/03/abschaffung-der-ecobacs-ab-dem-1-januar-2027/embed/#?secret=vC37nOJ3t4" width="600" height="338" title="« Suppression des « écobacs » à compter du 1er janvier 2027 » &#8212; Ville de Remich" data-secret="vC37nOJ3t4" frameborder="0" marginwidth="0" marginheight="0" scrolling="no" class="wp-embedded-content"></iframe><script>
/*! This file is auto-generated */
!function(d,l){"use strict";l.querySelector&&d.addEventListener&&"undefined"!=typeof URL&&(d.wp=d.wp||{},d.wp.receiveEmbedMessage||(d.wp.receiveEmbedMessage=function(e){var t=e.data;if((t||t.secret||t.message||t.value)&&!/[^a-zA-Z0-9]/.test(t.secret)){for(var s,r,n,a=l.querySelectorAll('iframe[data-secret="'+t.secret+'"]'),o=l.querySelectorAll('blockquote[data-secret="'+t.secret+'"]'),c=new RegExp("^https?:$","i"),i=0;i<o.length;i++)o[i].style.display="none";for(i=0;i<a.length;i++)s=a[i],e.source===s.contentWindow&&(s.removeAttribute("style"),"height"===t.message?(1e3<(r=parseInt(t.value,10))?r=1e3:~~r<200&&(r=200),s.height=r):"link"===t.message&&(r=new URL(s.getAttribute("src")),n=new URL(t.value),c.test(n.protocol))&&n.host===r.host&&l.activeElement===s&&(d.top.location.href=t.value))}},d.addEventListener("message",d.wp.receiveEmbedMessage,!1),l.addEventListener("DOMContentLoaded",function(){for(var e,t,s=l.querySelectorAll("iframe.wp-embedded-content"),r=0;r<s.length;r++)(t=(e=s[r]).getAttribute("data-secret"))||(t=Math.random().toString(36).substring(2,12),e.src+="#?secret="+t,e.setAttribute("data-secret",t)),e.contentWindow.postMessage({message:"ready",secret:t},"*")},!1)))}(window,document);
//# sourceURL=https://bierger.remich.lu/wp-includes/js/wp-embed.min.js
</script>

Les citoyens sont informés que le syndicat SIGRE a décidé de supprimer les « écobacs » de son système de récipients de vidage à compter du 1er janvier 2027. Par conséquent, les « écobacs » devront être remplacés par une poubelle. Que devez-vous faire ? Les ménages disposant actuellement d’un « écobac » sont invités [&hellip;]
