{"version":"1.0","provider_name":"Ville de Remich","provider_url":"https:\/\/bierger.remich.lu\/fr","author_name":"murielkayser","author_url":"#","title":"Ecole des Parents Est - Ville de Remich","type":"rich","width":600,"height":338,"html":"<blockquote class=\"wp-embedded-content\" data-secret=\"xbCYrf1nMn\"><a href=\"https:\/\/bierger.remich.lu\/fr\/address\/elternschule-osten\/\">Ecole des Parents Est<\/a><\/blockquote><iframe sandbox=\"allow-scripts\" security=\"restricted\" src=\"https:\/\/bierger.remich.lu\/fr\/address\/elternschule-osten\/embed\/#?secret=xbCYrf1nMn\" width=\"600\" height=\"338\" title=\"\u00ab\u00a0Ecole des Parents Est\u00a0\u00bb &#8212; Ville de Remich\" data-secret=\"xbCYrf1nMn\" frameborder=\"0\" marginwidth=\"0\" marginheight=\"0\" scrolling=\"no\" class=\"wp-embedded-content\"><\/iframe><script type=\"text\/javascript\">\n\/* <![CDATA[ *\/\n\/*! This file is auto-generated *\/\n!function(d,l){\"use strict\";l.querySelector&&d.addEventListener&&\"undefined\"!=typeof URL&&(d.wp=d.wp||{},d.wp.receiveEmbedMessage||(d.wp.receiveEmbedMessage=function(e){var t=e.data;if((t||t.secret||t.message||t.value)&&!\/[^a-zA-Z0-9]\/.test(t.secret)){for(var s,r,n,a=l.querySelectorAll('iframe[data-secret=\"'+t.secret+'\"]'),o=l.querySelectorAll('blockquote[data-secret=\"'+t.secret+'\"]'),c=new RegExp(\"^https?:$\",\"i\"),i=0;i<o.length;i++)o[i].style.display=\"none\";for(i=0;i<a.length;i++)s=a[i],e.source===s.contentWindow&&(s.removeAttribute(\"style\"),\"height\"===t.message?(1e3<(r=parseInt(t.value,10))?r=1e3:~~r<200&&(r=200),s.height=r):\"link\"===t.message&&(r=new URL(s.getAttribute(\"src\")),n=new URL(t.value),c.test(n.protocol))&&n.host===r.host&&l.activeElement===s&&(d.top.location.href=t.value))}},d.addEventListener(\"message\",d.wp.receiveEmbedMessage,!1),l.addEventListener(\"DOMContentLoaded\",function(){for(var e,t,s=l.querySelectorAll(\"iframe.wp-embedded-content\"),r=0;r<s.length;r++)(t=(e=s[r]).getAttribute(\"data-secret\"))||(t=Math.random().toString(36).substring(2,12),e.src+=\"#?secret=\"+t,e.setAttribute(\"data-secret\",t)),e.contentWindow.postMessage({message:\"ready\",secret:t},\"*\")},!1)))}(window,document);\n\/\/# sourceURL=https:\/\/bierger.remich.lu\/wp-includes\/js\/wp-embed.min.js\n\/* ]]> *\/\n<\/script>\n","description":"ANTENNE EST DE L\u2019ECOLE DES PARENTS JANUSZ KORCZAK Elever des enfants constitue un d\u00e9fi consid\u00e9rable dans une soci\u00e9t\u00e9 marqu\u00e9e par la consommation de biens, l\u2019individualisme et un manque de temps chronique. Les parents sont confront\u00e9s \u00e0 de grandes exigences auxquelles ils doivent faire face sans \u00eatre vraiment pr\u00e9par\u00e9s. Les parents, depuis un certain temps, expriment... Lire la suite \u00bb"}

ANTENNE EST DE L’ECOLE DES PARENTS JANUSZ KORCZAK Elever des enfants constitue un défi considérable dans une société marquée par la consommation de biens, l’individualisme et un manque de temps chronique. Les parents sont confrontés à de grandes exigences auxquelles ils doivent faire face sans être vraiment préparés. Les parents, depuis un certain temps, expriment... Lire la suite »
