{"version":"1.0","provider_name":"Ville de Remich","provider_url":"https:\/\/bierger.remich.lu\/fr","author_name":"murielkayser","author_url":"#","title":"Station de chargement pour e-bike &amp; co. - Ville de Remich","type":"rich","width":600,"height":338,"html":"<blockquote class=\"wp-embedded-content\" data-secret=\"Kpo0vi5GwS\"><a href=\"https:\/\/bierger.remich.lu\/fr\/services-au-citoyen\/francais-mobilite\/ladestation-fur-e-bikes-co\/\">Station de chargement pour e-bike &amp; co.<\/a><\/blockquote><iframe sandbox=\"allow-scripts\" security=\"restricted\" src=\"https:\/\/bierger.remich.lu\/fr\/services-au-citoyen\/francais-mobilite\/ladestation-fur-e-bikes-co\/embed\/#?secret=Kpo0vi5GwS\" width=\"600\" height=\"338\" title=\"\u00ab\u00a0Station de chargement pour e-bike &amp; co.\u00a0\u00bb &#8212; Ville de Remich\" data-secret=\"Kpo0vi5GwS\" frameborder=\"0\" marginwidth=\"0\" marginheight=\"0\" scrolling=\"no\" class=\"wp-embedded-content\"><\/iframe><script type=\"text\/javascript\">\n\/* <![CDATA[ *\/\n\/*! This file is auto-generated *\/\n!function(d,l){\"use strict\";l.querySelector&&d.addEventListener&&\"undefined\"!=typeof URL&&(d.wp=d.wp||{},d.wp.receiveEmbedMessage||(d.wp.receiveEmbedMessage=function(e){var t=e.data;if((t||t.secret||t.message||t.value)&&!\/[^a-zA-Z0-9]\/.test(t.secret)){for(var s,r,n,a=l.querySelectorAll('iframe[data-secret=\"'+t.secret+'\"]'),o=l.querySelectorAll('blockquote[data-secret=\"'+t.secret+'\"]'),c=new RegExp(\"^https?:$\",\"i\"),i=0;i<o.length;i++)o[i].style.display=\"none\";for(i=0;i<a.length;i++)s=a[i],e.source===s.contentWindow&&(s.removeAttribute(\"style\"),\"height\"===t.message?(1e3<(r=parseInt(t.value,10))?r=1e3:~~r<200&&(r=200),s.height=r):\"link\"===t.message&&(r=new URL(s.getAttribute(\"src\")),n=new URL(t.value),c.test(n.protocol))&&n.host===r.host&&l.activeElement===s&&(d.top.location.href=t.value))}},d.addEventListener(\"message\",d.wp.receiveEmbedMessage,!1),l.addEventListener(\"DOMContentLoaded\",function(){for(var e,t,s=l.querySelectorAll(\"iframe.wp-embedded-content\"),r=0;r<s.length;r++)(t=(e=s[r]).getAttribute(\"data-secret\"))||(t=Math.random().toString(36).substring(2,12),e.src+=\"#?secret=\"+t,e.setAttribute(\"data-secret\",t)),e.contentWindow.postMessage({message:\"ready\",secret:t},\"*\")},!1)))}(window,document);\n\/\/# sourceURL=https:\/\/bierger.remich.lu\/wp-includes\/js\/wp-embed.min.js\n\/* ]]> *\/\n<\/script>\n","description":"Le mod\u00e8le Sun &amp; Wind est une solution de recharge ind\u00e9pendante du r\u00e9seau. Gr\u00e2ce \u00e0 un module solaire int\u00e9gr\u00e9 et \u00e0 une \u00e9olienne efficace, la station de recharge peut produire de l\u2019\u00e9lectricit\u00e9 ind\u00e9pendamment des conditions m\u00e9t\u00e9orologiques. L\u2019\u00e9lectricit\u00e9 est stock\u00e9e dans l\u2019appareil et est disponible pour la dur\u00e9e d\u2019une heure \u00e0 chaque pression du bouton vert.... Lire la suite \u00bb","thumbnail_url":"https:\/\/bierger.remich.lu\/wp-content\/uploads\/sites\/3\/2024\/07\/IMG_1500-scaled-225x300.jpg"}

Le modèle Sun &amp; Wind est une solution de recharge indépendante du réseau. Grâce à un module solaire intégré et à une éolienne efficace, la station de recharge peut produire de l’électricité indépendamment des conditions météorologiques. L’électricité est stockée dans l’appareil et est disponible pour la durée d’une heure à chaque pression du bouton vert.... Lire la suite »
