{"version":"1.0","provider_name":"Ville de Remich","provider_url":"https:\/\/bierger.remich.lu\/fr","author_name":"lightbulb","author_url":"#","title":"Environnement - Ville de Remich","type":"rich","width":600,"height":338,"html":"<blockquote class=\"wp-embedded-content\" data-secret=\"sqqll66ALK\"><a href=\"https:\/\/bierger.remich.lu\/fr\/ville-de-remich\/umwelt\/\">Environnement<\/a><\/blockquote><iframe sandbox=\"allow-scripts\" security=\"restricted\" src=\"https:\/\/bierger.remich.lu\/fr\/ville-de-remich\/umwelt\/embed\/#?secret=sqqll66ALK\" width=\"600\" height=\"338\" title=\"\u00ab\u00a0Environnement\u00a0\u00bb &#8212; Ville de Remich\" data-secret=\"sqqll66ALK\" frameborder=\"0\" marginwidth=\"0\" marginheight=\"0\" scrolling=\"no\" class=\"wp-embedded-content\"><\/iframe><script type=\"text\/javascript\">\n\/* <![CDATA[ *\/\n\/*! This file is auto-generated *\/\n!function(d,l){\"use strict\";l.querySelector&&d.addEventListener&&\"undefined\"!=typeof URL&&(d.wp=d.wp||{},d.wp.receiveEmbedMessage||(d.wp.receiveEmbedMessage=function(e){var t=e.data;if((t||t.secret||t.message||t.value)&&!\/[^a-zA-Z0-9]\/.test(t.secret)){for(var s,r,n,a=l.querySelectorAll('iframe[data-secret=\"'+t.secret+'\"]'),o=l.querySelectorAll('blockquote[data-secret=\"'+t.secret+'\"]'),c=new RegExp(\"^https?:$\",\"i\"),i=0;i<o.length;i++)o[i].style.display=\"none\";for(i=0;i<a.length;i++)s=a[i],e.source===s.contentWindow&&(s.removeAttribute(\"style\"),\"height\"===t.message?(1e3<(r=parseInt(t.value,10))?r=1e3:~~r<200&&(r=200),s.height=r):\"link\"===t.message&&(r=new URL(s.getAttribute(\"src\")),n=new URL(t.value),c.test(n.protocol))&&n.host===r.host&&l.activeElement===s&&(d.top.location.href=t.value))}},d.addEventListener(\"message\",d.wp.receiveEmbedMessage,!1),l.addEventListener(\"DOMContentLoaded\",function(){for(var e,t,s=l.querySelectorAll(\"iframe.wp-embedded-content\"),r=0;r<s.length;r++)(t=(e=s[r]).getAttribute(\"data-secret\"))||(t=Math.random().toString(36).substring(2,12),e.src+=\"#?secret=\"+t,e.setAttribute(\"data-secret\",t)),e.contentWindow.postMessage({message:\"ready\",secret:t},\"*\")},!1)))}(window,document);\n\/\/# sourceURL=https:\/\/bierger.remich.lu\/wp-includes\/js\/wp-embed.min.js\n\/* ]]> *\/\n<\/script>\n","thumbnail_url":"https:\/\/bierger.remich.lu\/wp-content\/uploads\/sites\/3\/2016\/08\/309B4502-3-605x1024.jpg","thumbnail_width":605,"thumbnail_height":1024,"description":"Dans cette rubrique vous trouvez toutes les informations utiles autour de l&rsquo;environnement tel que : Alliance pour le climat Cadastre solaire Conseils en \u00e9nergie Conseiller \u00e9cologique Energiekooperativ Kanton Remich Eau potable Espaces verts Fairtrade Gestion des d\u00e9chets Interreg Pacte climat Station biologique SIAS"}

Dans cette rubrique vous trouvez toutes les informations utiles autour de l&rsquo;environnement tel que : Alliance pour le climat Cadastre solaire Conseils en énergie Conseiller écologique Energiekooperativ Kanton Remich Eau potable Espaces verts Fairtrade Gestion des déchets Interreg Pacte climat Station biologique SIAS
