{"id":21166,"date":"2026-09-03T11:56:23","date_gmt":"2026-09-03T09:56:23","guid":{"rendered":"https:\/\/bierger.remich.lu\/?page_id=21166"},"modified":"2026-09-03T12:01:56","modified_gmt":"2026-09-03T10:01:56","slug":"hellef-doheem","status":"publish","type":"page","link":"https:\/\/bierger.remich.lu\/lb\/services-au-citoyen\/soziales-und-3-alter\/hilfe-unterstuetzung\/hellef-doheem\/","title":{"rendered":"H\u00ebllef Doheem"},"content":{"rendered":"<h3>H\u00ebllef an \u00cbnnerst\u00ebtzung am Alldag<\/h3>\n<p>D\u2019Gemeng w\u00ebll op d\u00e9i villf\u00e4lteg D\u00e9ngschtleeschtunge vun <strong>H\u00ebllef Doheem<\/strong> an den H\u00ebllefs- a Fleegezentren opmierksam maachen. Si \u00ebnnerst\u00ebtzen d\u2019Leit an hir Familljen dob\u00e4i, sou laang w\u00e9i m\u00e9iglech selbstst\u00e4nneg a s\u00e9cher doheem ze liewen.<\/p>\n<p>D\u2019Offer \u00ebmfaasst \u00ebnner anerem <strong>S\u00e9cher Doheem<\/strong>, en Telealarmsystem, deen 24 Stonnen op 24 fir m\u00e9i S\u00e9cherheet suergt, souw\u00e9i <strong>Nuetsfleeg an H\u00ebllef doheem<\/strong>. Zous\u00e4tzlech ginn <strong>Berodungen an Therapien<\/strong> ugebueden, \u00ebnner anerem Ern\u00e4rungsberodung, Ergo- a Physiotherapie oder psychologesch \u00cbnnerst\u00ebtzung.<\/p>\n<p>Och an der leschter Liewensphas bitt d\u00e9i <strong>palliativ Fleeg doheem<\/strong> eng fachlech an empathesch Begleedung. D\u2019<strong>Dagesstrukturen<\/strong> bidden de Leit ab 65 Joer en ofwiesslungsr\u00e4ichen an struktur\u00e9ierten Alldag, f\u00ebrderen de soziale Kontakt a bidden ugepasst Aktivit\u00e9iten an Therapien un.<\/p>\n<p>Donieft ass och eng <strong>individuell H\u00ebllef am Alldag<\/strong> m\u00e9iglech, zum Beispill bei den Hausaarbechten, beim Akafen oder beim W\u00e4schen.<\/p>\n<p>Wie \u00cbnnerst\u00ebtzung brauch oder m\u00e9i iwwer d\u00e9i verschidden Offere gewuer w\u00ebll ginn, ka sech direkt un <strong>H\u00ebllef Doheem<\/strong> oder un d\u00e9i zoust\u00e4nneg H\u00ebllefs- a Fleegezentre wenden.<\/p>\n<h3>H\u00ebllef Doheem, dat ass:<\/h3>\n<ul>\n<li><strong>Dat gr\u00e9isst Netzwierk fir H\u00ebllefs- a Fleeged\u00e9ngschter zu L\u00ebtzebuerg<\/strong><\/li>\n<li><strong>Eng \u00ebmfaassend Offer u Betreiung a Fleeg<\/strong><\/li>\n<li><strong>E Service 7 Deeg an der Woch<\/strong><\/li>\n<li><strong>H\u00ebllef an Assistenz fir jiddereen \u2013 uechter ganz L\u00ebtzebuerg<\/strong><\/li>\n<li><strong>E Garant fir Kompetenz a Qualit\u00e9it<\/strong><\/li>\n<li><strong>98 % Zefriddenheet bei de Clienten<\/strong> (TNS-Ilres)<\/li>\n<\/ul>","protected":false},"excerpt":{"rendered":"<p>H\u00ebllef an \u00cbnnerst\u00ebtzung am Alldag D\u2019Gemeng w\u00ebll op d\u00e9i villf\u00e4lteg D\u00e9ngschtleeschtunge vun H\u00ebllef Doheem an den H\u00ebllefs- a Fleegezentren opmierksam maachen. Si \u00ebnnerst\u00ebtzen d\u2019Leit an hir Familljen dob\u00e4i, sou laang w\u00e9i m\u00e9iglech selbstst\u00e4nneg a s\u00e9cher doheem ze liewen. D\u2019Offer \u00ebmfaasst \u00ebnner anerem S\u00e9cher Doheem, en Telealarmsystem, deen 24 Stonnen op 24 fir m\u00e9i S\u00e9cherheet suergt,&#8230;  <a class=\"excerpt-read-more\" href=\"https:\/\/bierger.remich.lu\/lb\/services-au-citoyen\/soziales-und-3-alter\/hilfe-unterstuetzung\/hellef-doheem\/\" title=\"ReadH\u00ebllef Doheem\">Read more &raquo;<\/a><\/p>\n","protected":false},"author":10,"featured_media":0,"parent":21164,"menu_order":0,"comment_status":"closed","ping_status":"closed","template":"","meta":{"_acf_changed":false,"xn-wppe-expiration":[],"xn-wppe-expiration-action":[],"xn-wppe-expiration-prefix":[],"footnotes":"","_links_to":"","_links_to_target":""},"class_list":["post-21166","page","type-page","status-publish","hentry","keyword-social"],"acf":[],"yoast_head":"<!-- This site is optimized with the Yoast SEO plugin v28.0 - https:\/\/yoast.com\/product\/yoast-seo-wordpress\/ -->\n<title>H\u00ebllef Doheem - Ville de Remich<\/title>\n<meta name=\"robots\" content=\"index, follow, max-snippet:-1, max-image-preview:large, max-video-preview:-1\" \/>\n<link rel=\"canonical\" href=\"https:\/\/bierger.remich.lu\/services-au-citoyen\/soziales-und-3-alter\/hilfe-unterstuetzung\/hellef-doheem\/\" \/>\n<meta property=\"og:locale\" content=\"en_US\" \/>\n<meta property=\"og:type\" content=\"article\" \/>\n<meta property=\"og:title\" content=\"H\u00ebllef Doheem - Ville de Remich\" \/>\n<meta property=\"og:description\" content=\"H\u00ebllef an \u00cbnnerst\u00ebtzung am Alldag D\u2019Gemeng w\u00ebll op d\u00e9i villf\u00e4lteg D\u00e9ngschtleeschtunge vun H\u00ebllef Doheem an den H\u00ebllefs- a Fleegezentren opmierksam maachen. Si \u00ebnnerst\u00ebtzen d\u2019Leit an hir Familljen dob\u00e4i, sou laang w\u00e9i m\u00e9iglech selbstst\u00e4nneg a s\u00e9cher doheem ze liewen. D\u2019Offer \u00ebmfaasst \u00ebnner anerem S\u00e9cher Doheem, en Telealarmsystem, deen 24 Stonnen op 24 fir m\u00e9i S\u00e9cherheet suergt,... Read more &raquo;\" \/>\n<meta property=\"og:url\" content=\"https:\/\/bierger.remich.lu\/services-au-citoyen\/soziales-und-3-alter\/hilfe-unterstuetzung\/hellef-doheem\/\" \/>\n<meta property=\"og:site_name\" content=\"Ville de Remich\" \/>\n<meta property=\"article:modified_time\" content=\"2026-09-03T10:01:56+00:00\" \/>\n<meta name=\"twitter:card\" content=\"summary_large_image\" \/>\n<meta name=\"twitter:label1\" content=\"Est. reading time\" \/>\n\t<meta name=\"twitter:data1\" content=\"2 minutes\" \/>\n<script type=\"application\/ld+json\" class=\"yoast-schema-graph\">{\"@context\":\"https:\\\/\\\/schema.org\",\"@graph\":[{\"@type\":\"WebPage\",\"@id\":\"https:\\\/\\\/bierger.remich.lu\\\/services-au-citoyen\\\/soziales-und-3-alter\\\/hilfe-unterstuetzung\\\/hellef-doheem\\\/\",\"url\":\"https:\\\/\\\/bierger.remich.lu\\\/services-au-citoyen\\\/soziales-und-3-alter\\\/hilfe-unterstuetzung\\\/hellef-doheem\\\/\",\"name\":\"H\u00ebllef Doheem - Ville de Remich\",\"isPartOf\":{\"@id\":\"https:\\\/\\\/bierger.remich.lu\\\/de\\\/#website\"},\"datePublished\":\"2026-09-03T09:56:23+00:00\",\"dateModified\":\"2026-09-03T10:01:56+00:00\",\"breadcrumb\":{\"@id\":\"https:\\\/\\\/bierger.remich.lu\\\/services-au-citoyen\\\/soziales-und-3-alter\\\/hilfe-unterstuetzung\\\/hellef-doheem\\\/#breadcrumb\"},\"inLanguage\":\"lb-LU\",\"potentialAction\":[{\"@type\":\"ReadAction\",\"target\":[\"https:\\\/\\\/bierger.remich.lu\\\/services-au-citoyen\\\/soziales-und-3-alter\\\/hilfe-unterstuetzung\\\/hellef-doheem\\\/\"]}]},{\"@type\":\"BreadcrumbList\",\"@id\":\"https:\\\/\\\/bierger.remich.lu\\\/services-au-citoyen\\\/soziales-und-3-alter\\\/hilfe-unterstuetzung\\\/hellef-doheem\\\/#breadcrumb\",\"itemListElement\":[{\"@type\":\"ListItem\",\"position\":1,\"name\":\"Startseite\",\"item\":\"https:\\\/\\\/bierger.remich.lu\\\/de\\\/\"},{\"@type\":\"ListItem\",\"position\":2,\"name\":\"B\u00fcrgerdienste\",\"item\":\"https:\\\/\\\/bierger.remich.lu\\\/de\\\/services-au-citoyen\\\/\"},{\"@type\":\"ListItem\",\"position\":3,\"name\":\"Soziales und 3. Alter\",\"item\":\"https:\\\/\\\/bierger.remich.lu\\\/de\\\/services-au-citoyen\\\/soziales-und-3-alter\\\/\"},{\"@type\":\"ListItem\",\"position\":4,\"name\":\"Hilfe &#038; Unterst\u00fctzung\",\"item\":\"https:\\\/\\\/bierger.remich.lu\\\/services-au-citoyen\\\/soziales-und-3-alter\\\/hilfe-unterstuetzung\\\/\"},{\"@type\":\"ListItem\",\"position\":5,\"name\":\"H\u00ebllef Doheem\"}]},{\"@type\":\"WebSite\",\"@id\":\"https:\\\/\\\/bierger.remich.lu\\\/de\\\/#website\",\"url\":\"https:\\\/\\\/bierger.remich.lu\\\/de\\\/\",\"name\":\"Ville de Remich\",\"description\":\"\",\"potentialAction\":[{\"@type\":\"SearchAction\",\"target\":{\"@type\":\"EntryPoint\",\"urlTemplate\":\"https:\\\/\\\/bierger.remich.lu\\\/de\\\/?s={search_term_string}\"},\"query-input\":{\"@type\":\"PropertyValueSpecification\",\"valueRequired\":true,\"valueName\":\"search_term_string\"}}],\"inLanguage\":\"lb-LU\"}]}<\/script>\n<!-- \/ Yoast SEO plugin. -->","yoast_head_json":{"title":"H\u00ebllef Doheem - Ville de Remich","robots":{"index":"index","follow":"follow","max-snippet":"max-snippet:-1","max-image-preview":"max-image-preview:large","max-video-preview":"max-video-preview:-1"},"canonical":"https:\/\/bierger.remich.lu\/services-au-citoyen\/soziales-und-3-alter\/hilfe-unterstuetzung\/hellef-doheem\/","og_locale":"en_US","og_type":"article","og_title":"H\u00ebllef Doheem - Ville de Remich","og_description":"H\u00ebllef an \u00cbnnerst\u00ebtzung am Alldag D\u2019Gemeng w\u00ebll op d\u00e9i villf\u00e4lteg D\u00e9ngschtleeschtunge vun H\u00ebllef Doheem an den H\u00ebllefs- a Fleegezentren opmierksam maachen. Si \u00ebnnerst\u00ebtzen d\u2019Leit an hir Familljen dob\u00e4i, sou laang w\u00e9i m\u00e9iglech selbstst\u00e4nneg a s\u00e9cher doheem ze liewen. D\u2019Offer \u00ebmfaasst \u00ebnner anerem S\u00e9cher Doheem, en Telealarmsystem, deen 24 Stonnen op 24 fir m\u00e9i S\u00e9cherheet suergt,... Read more &raquo;","og_url":"https:\/\/bierger.remich.lu\/services-au-citoyen\/soziales-und-3-alter\/hilfe-unterstuetzung\/hellef-doheem\/","og_site_name":"Ville de Remich","article_modified_time":"2026-09-03T10:01:56+00:00","twitter_card":"summary_large_image","twitter_misc":{"Est. reading time":"2 minutes"},"schema":{"@context":"https:\/\/schema.org","@graph":[{"@type":"WebPage","@id":"https:\/\/bierger.remich.lu\/services-au-citoyen\/soziales-und-3-alter\/hilfe-unterstuetzung\/hellef-doheem\/","url":"https:\/\/bierger.remich.lu\/services-au-citoyen\/soziales-und-3-alter\/hilfe-unterstuetzung\/hellef-doheem\/","name":"H\u00ebllef Doheem - Ville de Remich","isPartOf":{"@id":"https:\/\/bierger.remich.lu\/de\/#website"},"datePublished":"2026-09-03T09:56:23+00:00","dateModified":"2026-09-03T10:01:56+00:00","breadcrumb":{"@id":"https:\/\/bierger.remich.lu\/services-au-citoyen\/soziales-und-3-alter\/hilfe-unterstuetzung\/hellef-doheem\/#breadcrumb"},"inLanguage":"lb-LU","potentialAction":[{"@type":"ReadAction","target":["https:\/\/bierger.remich.lu\/services-au-citoyen\/soziales-und-3-alter\/hilfe-unterstuetzung\/hellef-doheem\/"]}]},{"@type":"BreadcrumbList","@id":"https:\/\/bierger.remich.lu\/services-au-citoyen\/soziales-und-3-alter\/hilfe-unterstuetzung\/hellef-doheem\/#breadcrumb","itemListElement":[{"@type":"ListItem","position":1,"name":"Startseite","item":"https:\/\/bierger.remich.lu\/de\/"},{"@type":"ListItem","position":2,"name":"B\u00fcrgerdienste","item":"https:\/\/bierger.remich.lu\/de\/services-au-citoyen\/"},{"@type":"ListItem","position":3,"name":"Soziales und 3. Alter","item":"https:\/\/bierger.remich.lu\/de\/services-au-citoyen\/soziales-und-3-alter\/"},{"@type":"ListItem","position":4,"name":"Hilfe &#038; Unterst\u00fctzung","item":"https:\/\/bierger.remich.lu\/services-au-citoyen\/soziales-und-3-alter\/hilfe-unterstuetzung\/"},{"@type":"ListItem","position":5,"name":"H\u00ebllef Doheem"}]},{"@type":"WebSite","@id":"https:\/\/bierger.remich.lu\/de\/#website","url":"https:\/\/bierger.remich.lu\/de\/","name":"Ville de Remich","description":"","potentialAction":[{"@type":"SearchAction","target":{"@type":"EntryPoint","urlTemplate":"https:\/\/bierger.remich.lu\/de\/?s={search_term_string}"},"query-input":{"@type":"PropertyValueSpecification","valueRequired":true,"valueName":"search_term_string"}}],"inLanguage":"lb-LU"}]}},"_links":{"self":[{"href":"https:\/\/bierger.remich.lu\/lb\/wp-json\/wp\/v2\/pages\/21166","targetHints":{"allow":["GET"]}}],"collection":[{"href":"https:\/\/bierger.remich.lu\/lb\/wp-json\/wp\/v2\/pages"}],"about":[{"href":"https:\/\/bierger.remich.lu\/lb\/wp-json\/wp\/v2\/types\/page"}],"author":[{"embeddable":true,"href":"https:\/\/bierger.remich.lu\/lb\/wp-json\/wp\/v2\/users\/10"}],"replies":[{"embeddable":true,"href":"https:\/\/bierger.remich.lu\/lb\/wp-json\/wp\/v2\/comments?post=21166"}],"version-history":[{"count":3,"href":"https:\/\/bierger.remich.lu\/lb\/wp-json\/wp\/v2\/pages\/21166\/revisions"}],"predecessor-version":[{"id":21169,"href":"https:\/\/bierger.remich.lu\/lb\/wp-json\/wp\/v2\/pages\/21166\/revisions\/21169"}],"up":[{"embeddable":true,"href":"https:\/\/bierger.remich.lu\/lb\/wp-json\/wp\/v2\/pages\/21164"}],"wp:attachment":[{"href":"https:\/\/bierger.remich.lu\/lb\/wp-json\/wp\/v2\/media?parent=21166"}],"curies":[{"name":"wp","href":"https:\/\/api.w.org\/{rel}","templated":true}]}}

Hëllef Doheem

<h3>Hëllef an Ënnerstëtzung am Alldag</h3>
<p>D’Gemeng wëll op déi villfälteg Déngschtleeschtunge vun <strong>Hëllef Doheem</strong> an den Hëllefs- a Fleegezentren opmierksam maachen. Si ënnerstëtzen d’Leit an hir Familljen dobäi, sou laang wéi méiglech selbststänneg a sécher doheem ze liewen.</p>
<p>D’Offer ëmfaasst ënner anerem <strong>Sécher Doheem</strong>, en Telealarmsystem, deen 24 Stonnen op 24 fir méi Sécherheet suergt, souwéi <strong>Nuetsfleeg an Hëllef doheem</strong>. Zousätzlech ginn <strong>Berodungen an Therapien</strong> ugebueden, ënner anerem Ernärungsberodung, Ergo- a Physiotherapie oder psychologesch Ënnerstëtzung.</p>
<p>Och an der leschter Liewensphas bitt déi <strong>palliativ Fleeg doheem</strong> eng fachlech an empathesch Begleedung. D’<strong>Dagesstrukturen</strong> bidden de Leit ab 65 Joer en ofwiesslungsräichen an strukturéierten Alldag, fërderen de soziale Kontakt a bidden ugepasst Aktivitéiten an Therapien un.</p>
<p>Donieft ass och eng <strong>individuell Hëllef am Alldag</strong> méiglech, zum Beispill bei den Hausaarbechten, beim Akafen oder beim Wäschen.</p>
<p>Wie Ënnerstëtzung brauch oder méi iwwer déi verschidden Offere gewuer wëll ginn, ka sech direkt un <strong>Hëllef Doheem</strong> oder un déi zoustänneg Hëllefs- a Fleegezentre wenden.</p>
<h3>Hëllef Doheem, dat ass:</h3>
<ul>
<li><strong>Dat gréisst Netzwierk fir Hëllefs- a Fleegedéngschter zu Lëtzebuerg</strong></li>
<li><strong>Eng ëmfaassend Offer u Betreiung a Fleeg</strong></li>
<li><strong>E Service 7 Deeg an der Woch</strong></li>
<li><strong>Hëllef an Assistenz fir jiddereen – uechter ganz Lëtzebuerg</strong></li>
<li><strong>E Garant fir Kompetenz a Qualitéit</strong></li>
<li><strong>98 % Zefriddenheet bei de Clienten</strong> (TNS-Ilres)</li>
</ul>

<p>Hëllef an Ënnerstëtzung am Alldag D’Gemeng wëll op déi villfälteg Déngschtleeschtunge vun Hëllef Doheem an den Hëllefs- a Fleegezentren opmierksam maachen. Si ënnerstëtzen d’Leit an hir Familljen dobäi, sou laang wéi méiglech selbststänneg a sécher doheem ze liewen. D’Offer ëmfaasst ënner anerem Sécher Doheem, en Telealarmsystem, deen 24 Stonnen op 24 fir méi Sécherheet suergt,&#8230;  <a class="excerpt-read-more" href="https://bierger.remich.lu/lb/services-au-citoyen/soziales-und-3-alter/hilfe-unterstuetzung/hellef-doheem/" title="ReadHëllef Doheem">Read more &raquo;</a></p>

<!-- This site is optimized with the Yoast SEO plugin v28.0 - https://yoast.com/product/yoast-seo-wordpress/ -->
<title>Hëllef Doheem - Ville de Remich</title>
<meta name="robots" content="index, follow, max-snippet:-1, max-image-preview:large, max-video-preview:-1" />
<link rel="canonical" href="https://bierger.remich.lu/services-au-citoyen/soziales-und-3-alter/hilfe-unterstuetzung/hellef-doheem/" />
<meta property="og:locale" content="en_US" />
<meta property="og:type" content="article" />
<meta property="og:title" content="Hëllef Doheem - Ville de Remich" />
<meta property="og:description" content="Hëllef an Ënnerstëtzung am Alldag D’Gemeng wëll op déi villfälteg Déngschtleeschtunge vun Hëllef Doheem an den Hëllefs- a Fleegezentren opmierksam maachen. Si ënnerstëtzen d’Leit an hir Familljen dobäi, sou laang wéi méiglech selbststänneg a sécher doheem ze liewen. D’Offer ëmfaasst ënner anerem Sécher Doheem, en Telealarmsystem, deen 24 Stonnen op 24 fir méi Sécherheet suergt,... Read more &raquo;" />
<meta property="og:url" content="https://bierger.remich.lu/services-au-citoyen/soziales-und-3-alter/hilfe-unterstuetzung/hellef-doheem/" />
<meta property="og:site_name" content="Ville de Remich" />
<meta property="article:modified_time" content="2026-09-03T10:01:56+00:00" />
<meta name="twitter:card" content="summary_large_image" />
<meta name="twitter:label1" content="Est. reading time" />
	<meta name="twitter:data1" content="2 minutes" />
<script type="application/ld+json" class="yoast-schema-graph">{"@context":"https:\/\/schema.org","@graph":[{"@type":"WebPage","@id":"https:\/\/bierger.remich.lu\/services-au-citoyen\/soziales-und-3-alter\/hilfe-unterstuetzung\/hellef-doheem\/","url":"https:\/\/bierger.remich.lu\/services-au-citoyen\/soziales-und-3-alter\/hilfe-unterstuetzung\/hellef-doheem\/","name":"Hëllef Doheem - Ville de Remich","isPartOf":{"@id":"https:\/\/bierger.remich.lu\/de\/#website"},"datePublished":"2026-09-03T09:56:23+00:00","dateModified":"2026-09-03T10:01:56+00:00","breadcrumb":{"@id":"https:\/\/bierger.remich.lu\/services-au-citoyen\/soziales-und-3-alter\/hilfe-unterstuetzung\/hellef-doheem\/#breadcrumb"},"inLanguage":"lb-LU","potentialAction":[{"@type":"ReadAction","target":["https:\/\/bierger.remich.lu\/services-au-citoyen\/soziales-und-3-alter\/hilfe-unterstuetzung\/hellef-doheem\/"]}]},{"@type":"BreadcrumbList","@id":"https:\/\/bierger.remich.lu\/services-au-citoyen\/soziales-und-3-alter\/hilfe-unterstuetzung\/hellef-doheem\/#breadcrumb","itemListElement":[{"@type":"ListItem","position":1,"name":"Startseite","item":"https:\/\/bierger.remich.lu\/de\/"},{"@type":"ListItem","position":2,"name":"Bürgerdienste","item":"https:\/\/bierger.remich.lu\/de\/services-au-citoyen\/"},{"@type":"ListItem","position":3,"name":"Soziales und 3. Alter","item":"https:\/\/bierger.remich.lu\/de\/services-au-citoyen\/soziales-und-3-alter\/"},{"@type":"ListItem","position":4,"name":"Hilfe &#038; Unterstützung","item":"https:\/\/bierger.remich.lu\/services-au-citoyen\/soziales-und-3-alter\/hilfe-unterstuetzung\/"},{"@type":"ListItem","position":5,"name":"Hëllef Doheem"}]},{"@type":"WebSite","@id":"https:\/\/bierger.remich.lu\/de\/#website","url":"https:\/\/bierger.remich.lu\/de\/","name":"Ville de Remich","description":"","potentialAction":[{"@type":"SearchAction","target":{"@type":"EntryPoint","urlTemplate":"https:\/\/bierger.remich.lu\/de\/?s={search_term_string}"},"query-input":{"@type":"PropertyValueSpecification","valueRequired":true,"valueName":"search_term_string"}}],"inLanguage":"lb-LU"}]}</script>
<!-- / Yoast SEO plugin. -->

Hëllef Doheem - Ville de Remich

Hëllef an Ënnerstëtzung am Alldag D’Gemeng wëll op déi villfälteg Déngschtleeschtunge vun Hëllef Doheem an den Hëllefs- a Fleegezentren opmierksam maachen. Si ënnerstëtzen d’Leit an hir Familljen dobäi, sou laang wéi méiglech selbststänneg a sécher doheem ze liewen. D’Offer ëmfaasst ënner anerem Sécher Doheem, en Telealarmsystem, deen 24 Stonnen op 24 fir méi Sécherheet suergt,... Read more &raquo;

Bürgerdienste

Hilfe &#038; Unterstützung
