{"id":50,"date":"2016-08-17T14:47:28","date_gmt":"2016-08-17T13:47:28","guid":{"rendered":"http:\/\/reimech.lu\/?page_id=50"},"modified":"2023-08-01T11:11:01","modified_gmt":"2023-08-01T09:11:01","slug":"umwelt","status":"publish","type":"page","link":"https:\/\/bierger.remich.lu\/lb\/ville-de-remich\/umwelt\/","title":{"rendered":"\u00cbmwelt"},"content":{"rendered":"An d\u00ebser Rubrik fannt Dir n\u00ebtzlech Informatiounen ronder\u00ebm d&#8217;Thema \u00cbmwelt:<\/p>\n<ul>\n<li>Biologesch Statioun SIAS<\/li>\n<li>Dr\u00e9nkwaasser<\/li>\n<li>\u00cbmweltberoder<\/li>\n<li>Energieberodung<\/li>\n<li>Energiekooperativ Kanton Remich<\/li>\n<li>Fairtrade<\/li>\n<li>Gr\u00e9ngfl\u00e4chen<\/li>\n<li>Interreg<\/li>\n<li>Klimab\u00fcndnis L\u00ebtzebuerg<\/li>\n<li>Klimapakt<\/li>\n<li>Offallgestioun<\/li>\n<li>Solarkadaster<\/li>\n<\/ul>","protected":false},"excerpt":{"rendered":"<p>An d\u00ebser Rubrik fannt Dir n\u00ebtzlech Informatiounen ronder\u00ebm d&#8217;Thema \u00cbmwelt: Biologesch Statioun SIAS Dr\u00e9nkwaasser \u00cbmweltberoder Energieberodung Energiekooperativ Kanton Remich Fairtrade Gr\u00e9ngfl\u00e4chen Interreg Klimab\u00fcndnis L\u00ebtzebuerg Klimapakt Offallgestioun Solarkadaster<\/p>\n","protected":false},"author":1,"featured_media":486,"parent":13,"menu_order":22,"comment_status":"closed","ping_status":"closed","template":"","meta":{"_acf_changed":false,"xn-wppe-expiration":[],"xn-wppe-expiration-action":[],"xn-wppe-expiration-prefix":[],"footnotes":"","_links_to":"","_links_to_target":""},"class_list":["post-50","page","type-page","status-publish","has-post-thumbnail","hentry","keyword-abfall"],"acf":[],"yoast_head":"<!-- This site is optimized with the Yoast SEO plugin v26.7 - https:\/\/yoast.com\/wordpress\/plugins\/seo\/ -->\n<title>\u00cbmwelt - Ville de Remich<\/title>\n<meta name=\"robots\" content=\"index, follow, max-snippet:-1, max-image-preview:large, max-video-preview:-1\" \/>\n<link rel=\"canonical\" href=\"https:\/\/bierger.remich.lu\/de\/ville-de-remich\/umwelt\/\" \/>\n<meta property=\"og:locale\" content=\"en_US\" \/>\n<meta property=\"og:type\" content=\"article\" \/>\n<meta property=\"og:title\" content=\"\u00cbmwelt - Ville de Remich\" \/>\n<meta property=\"og:description\" content=\"An d\u00ebser Rubrik fannt Dir n\u00ebtzlech Informatiounen ronder\u00ebm d&#8217;Thema \u00cbmwelt: Biologesch Statioun SIAS Dr\u00e9nkwaasser \u00cbmweltberoder Energieberodung Energiekooperativ Kanton Remich Fairtrade Gr\u00e9ngfl\u00e4chen Interreg Klimab\u00fcndnis L\u00ebtzebuerg Klimapakt Offallgestioun Solarkadaster\" \/>\n<meta property=\"og:url\" content=\"https:\/\/bierger.remich.lu\/de\/ville-de-remich\/umwelt\/\" \/>\n<meta property=\"og:site_name\" content=\"Ville de Remich\" \/>\n<meta property=\"article:modified_time\" content=\"2023-08-01T09:11:01+00:00\" \/>\n<meta property=\"og:image\" content=\"https:\/\/bierger.remich.lu\/wp-content\/uploads\/sites\/3\/2016\/08\/309B4502-3-605x1024.jpg\" \/>\n\t<meta property=\"og:image:width\" content=\"605\" \/>\n\t<meta property=\"og:image:height\" content=\"1024\" \/>\n\t<meta property=\"og:image:type\" content=\"image\/jpeg\" \/>\n<meta name=\"twitter:card\" content=\"summary_large_image\" \/>\n<meta name=\"twitter:label1\" content=\"Est. reading time\" \/>\n\t<meta name=\"twitter:data1\" content=\"1 minute\" \/>\n<script type=\"application\/ld+json\" class=\"yoast-schema-graph\">{\"@context\":\"https:\/\/schema.org\",\"@graph\":[{\"@type\":\"WebPage\",\"@id\":\"https:\/\/bierger.remich.lu\/de\/ville-de-remich\/umwelt\/\",\"url\":\"https:\/\/bierger.remich.lu\/de\/ville-de-remich\/umwelt\/\",\"name\":\"\u00cbmwelt - Ville de Remich\",\"isPartOf\":{\"@id\":\"https:\/\/bierger.remich.lu\/de\/#website\"},\"primaryImageOfPage\":{\"@id\":\"https:\/\/bierger.remich.lu\/de\/ville-de-remich\/umwelt\/#primaryimage\"},\"image\":{\"@id\":\"https:\/\/bierger.remich.lu\/de\/ville-de-remich\/umwelt\/#primaryimage\"},\"thumbnailUrl\":\"https:\/\/bierger.remich.lu\/wp-content\/uploads\/sites\/3\/2016\/08\/309B4502-3.jpg\",\"datePublished\":\"2016-08-17T13:47:28+00:00\",\"dateModified\":\"2023-08-01T09:11:01+00:00\",\"breadcrumb\":{\"@id\":\"https:\/\/bierger.remich.lu\/de\/ville-de-remich\/umwelt\/#breadcrumb\"},\"inLanguage\":\"lb-LU\",\"potentialAction\":[{\"@type\":\"ReadAction\",\"target\":[\"https:\/\/bierger.remich.lu\/de\/ville-de-remich\/umwelt\/\"]}]},{\"@type\":\"ImageObject\",\"inLanguage\":\"lb-LU\",\"@id\":\"https:\/\/bierger.remich.lu\/de\/ville-de-remich\/umwelt\/#primaryimage\",\"url\":\"https:\/\/bierger.remich.lu\/wp-content\/uploads\/sites\/3\/2016\/08\/309B4502-3.jpg\",\"contentUrl\":\"https:\/\/bierger.remich.lu\/wp-content\/uploads\/sites\/3\/2016\/08\/309B4502-3.jpg\",\"width\":3027,\"height\":5123},{\"@type\":\"BreadcrumbList\",\"@id\":\"https:\/\/bierger.remich.lu\/de\/ville-de-remich\/umwelt\/#breadcrumb\",\"itemListElement\":[{\"@type\":\"ListItem\",\"position\":1,\"name\":\"Startseite\",\"item\":\"https:\/\/bierger.remich.lu\/de\/\"},{\"@type\":\"ListItem\",\"position\":2,\"name\":\"Stadt Remich\",\"item\":\"https:\/\/bierger.remich.lu\/de\/ville-de-remich\/\"},{\"@type\":\"ListItem\",\"position\":3,\"name\":\"Umwelt\"}]},{\"@type\":\"WebSite\",\"@id\":\"https:\/\/bierger.remich.lu\/de\/#website\",\"url\":\"https:\/\/bierger.remich.lu\/de\/\",\"name\":\"Ville de Remich\",\"description\":\"\",\"potentialAction\":[{\"@type\":\"SearchAction\",\"target\":{\"@type\":\"EntryPoint\",\"urlTemplate\":\"https:\/\/bierger.remich.lu\/de\/?s={search_term_string}\"},\"query-input\":{\"@type\":\"PropertyValueSpecification\",\"valueRequired\":true,\"valueName\":\"search_term_string\"}}],\"inLanguage\":\"lb-LU\"}]}<\/script>\n<!-- \/ Yoast SEO plugin. -->","yoast_head_json":{"title":"\u00cbmwelt - Ville de Remich","robots":{"index":"index","follow":"follow","max-snippet":"max-snippet:-1","max-image-preview":"max-image-preview:large","max-video-preview":"max-video-preview:-1"},"canonical":"https:\/\/bierger.remich.lu\/de\/ville-de-remich\/umwelt\/","og_locale":"en_US","og_type":"article","og_title":"\u00cbmwelt - Ville de Remich","og_description":"An d\u00ebser Rubrik fannt Dir n\u00ebtzlech Informatiounen ronder\u00ebm d&#8217;Thema \u00cbmwelt: Biologesch Statioun SIAS Dr\u00e9nkwaasser \u00cbmweltberoder Energieberodung Energiekooperativ Kanton Remich Fairtrade Gr\u00e9ngfl\u00e4chen Interreg Klimab\u00fcndnis L\u00ebtzebuerg Klimapakt Offallgestioun Solarkadaster","og_url":"https:\/\/bierger.remich.lu\/de\/ville-de-remich\/umwelt\/","og_site_name":"Ville de Remich","article_modified_time":"2023-08-01T09:11:01+00:00","og_image":[{"width":605,"height":1024,"url":"https:\/\/bierger.remich.lu\/wp-content\/uploads\/sites\/3\/2016\/08\/309B4502-3-605x1024.jpg","type":"image\/jpeg"}],"twitter_card":"summary_large_image","twitter_misc":{"Est. reading time":"1 minute"},"schema":{"@context":"https:\/\/schema.org","@graph":[{"@type":"WebPage","@id":"https:\/\/bierger.remich.lu\/de\/ville-de-remich\/umwelt\/","url":"https:\/\/bierger.remich.lu\/de\/ville-de-remich\/umwelt\/","name":"\u00cbmwelt - Ville de Remich","isPartOf":{"@id":"https:\/\/bierger.remich.lu\/de\/#website"},"primaryImageOfPage":{"@id":"https:\/\/bierger.remich.lu\/de\/ville-de-remich\/umwelt\/#primaryimage"},"image":{"@id":"https:\/\/bierger.remich.lu\/de\/ville-de-remich\/umwelt\/#primaryimage"},"thumbnailUrl":"https:\/\/bierger.remich.lu\/wp-content\/uploads\/sites\/3\/2016\/08\/309B4502-3.jpg","datePublished":"2016-08-17T13:47:28+00:00","dateModified":"2023-08-01T09:11:01+00:00","breadcrumb":{"@id":"https:\/\/bierger.remich.lu\/de\/ville-de-remich\/umwelt\/#breadcrumb"},"inLanguage":"lb-LU","potentialAction":[{"@type":"ReadAction","target":["https:\/\/bierger.remich.lu\/de\/ville-de-remich\/umwelt\/"]}]},{"@type":"ImageObject","inLanguage":"lb-LU","@id":"https:\/\/bierger.remich.lu\/de\/ville-de-remich\/umwelt\/#primaryimage","url":"https:\/\/bierger.remich.lu\/wp-content\/uploads\/sites\/3\/2016\/08\/309B4502-3.jpg","contentUrl":"https:\/\/bierger.remich.lu\/wp-content\/uploads\/sites\/3\/2016\/08\/309B4502-3.jpg","width":3027,"height":5123},{"@type":"BreadcrumbList","@id":"https:\/\/bierger.remich.lu\/de\/ville-de-remich\/umwelt\/#breadcrumb","itemListElement":[{"@type":"ListItem","position":1,"name":"Startseite","item":"https:\/\/bierger.remich.lu\/de\/"},{"@type":"ListItem","position":2,"name":"Stadt Remich","item":"https:\/\/bierger.remich.lu\/de\/ville-de-remich\/"},{"@type":"ListItem","position":3,"name":"Umwelt"}]},{"@type":"WebSite","@id":"https:\/\/bierger.remich.lu\/de\/#website","url":"https:\/\/bierger.remich.lu\/de\/","name":"Ville de Remich","description":"","potentialAction":[{"@type":"SearchAction","target":{"@type":"EntryPoint","urlTemplate":"https:\/\/bierger.remich.lu\/de\/?s={search_term_string}"},"query-input":{"@type":"PropertyValueSpecification","valueRequired":true,"valueName":"search_term_string"}}],"inLanguage":"lb-LU"}]}},"_links":{"self":[{"href":"https:\/\/bierger.remich.lu\/lb\/wp-json\/wp\/v2\/pages\/50","targetHints":{"allow":["GET"]}}],"collection":[{"href":"https:\/\/bierger.remich.lu\/lb\/wp-json\/wp\/v2\/pages"}],"about":[{"href":"https:\/\/bierger.remich.lu\/lb\/wp-json\/wp\/v2\/types\/page"}],"author":[{"embeddable":true,"href":"https:\/\/bierger.remich.lu\/lb\/wp-json\/wp\/v2\/users\/1"}],"replies":[{"embeddable":true,"href":"https:\/\/bierger.remich.lu\/lb\/wp-json\/wp\/v2\/comments?post=50"}],"version-history":[{"count":20,"href":"https:\/\/bierger.remich.lu\/lb\/wp-json\/wp\/v2\/pages\/50\/revisions"}],"predecessor-version":[{"id":12730,"href":"https:\/\/bierger.remich.lu\/lb\/wp-json\/wp\/v2\/pages\/50\/revisions\/12730"}],"up":[{"embeddable":true,"href":"https:\/\/bierger.remich.lu\/lb\/wp-json\/wp\/v2\/pages\/13"}],"wp:featuredmedia":[{"embeddable":true,"href":"https:\/\/bierger.remich.lu\/lb\/wp-json\/wp\/v2\/media\/486"}],"wp:attachment":[{"href":"https:\/\/bierger.remich.lu\/lb\/wp-json\/wp\/v2\/media?parent=50"}],"curies":[{"name":"wp","href":"https:\/\/api.w.org\/{rel}","templated":true}]}}

Ëmwelt

An dëser Rubrik fannt Dir nëtzlech Informatiounen ronderëm d&#8217;Thema Ëmwelt:</p>
<ul>
<li>Biologesch Statioun SIAS</li>
<li>Drénkwaasser</li>
<li>Ëmweltberoder</li>
<li>Energieberodung</li>
<li>Energiekooperativ Kanton Remich</li>
<li>Fairtrade</li>
<li>Gréngflächen</li>
<li>Interreg</li>
<li>Klimabündnis Lëtzebuerg</li>
<li>Klimapakt</li>
<li>Offallgestioun</li>
<li>Solarkadaster</li>
</ul>

<p>An dëser Rubrik fannt Dir nëtzlech Informatiounen ronderëm d&#8217;Thema Ëmwelt: Biologesch Statioun SIAS Drénkwaasser Ëmweltberoder Energieberodung Energiekooperativ Kanton Remich Fairtrade Gréngflächen Interreg Klimabündnis Lëtzebuerg Klimapakt Offallgestioun Solarkadaster</p>

<!-- This site is optimized with the Yoast SEO plugin v26.7 - https://yoast.com/wordpress/plugins/seo/ -->
<title>Ëmwelt - Ville de Remich</title>
<meta name="robots" content="index, follow, max-snippet:-1, max-image-preview:large, max-video-preview:-1" />
<link rel="canonical" href="https://bierger.remich.lu/de/ville-de-remich/umwelt/" />
<meta property="og:locale" content="en_US" />
<meta property="og:type" content="article" />
<meta property="og:title" content="Ëmwelt - Ville de Remich" />
<meta property="og:description" content="An dëser Rubrik fannt Dir nëtzlech Informatiounen ronderëm d&#8217;Thema Ëmwelt: Biologesch Statioun SIAS Drénkwaasser Ëmweltberoder Energieberodung Energiekooperativ Kanton Remich Fairtrade Gréngflächen Interreg Klimabündnis Lëtzebuerg Klimapakt Offallgestioun Solarkadaster" />
<meta property="og:url" content="https://bierger.remich.lu/de/ville-de-remich/umwelt/" />
<meta property="og:site_name" content="Ville de Remich" />
<meta property="article:modified_time" content="2023-08-01T09:11:01+00:00" />
<meta property="og:image" content="https://bierger.remich.lu/wp-content/uploads/sites/3/2016/08/309B4502-3-605x1024.jpg" />
	<meta property="og:image:width" content="605" />
	<meta property="og:image:height" content="1024" />
	<meta property="og:image:type" content="image/jpeg" />
<meta name="twitter:card" content="summary_large_image" />
<meta name="twitter:label1" content="Est. reading time" />
	<meta name="twitter:data1" content="1 minute" />
<script type="application/ld+json" class="yoast-schema-graph">{"@context":"https://schema.org","@graph":[{"@type":"WebPage","@id":"https://bierger.remich.lu/de/ville-de-remich/umwelt/","url":"https://bierger.remich.lu/de/ville-de-remich/umwelt/","name":"Ëmwelt - Ville de Remich","isPartOf":{"@id":"https://bierger.remich.lu/de/#website"},"primaryImageOfPage":{"@id":"https://bierger.remich.lu/de/ville-de-remich/umwelt/#primaryimage"},"image":{"@id":"https://bierger.remich.lu/de/ville-de-remich/umwelt/#primaryimage"},"thumbnailUrl":"https://bierger.remich.lu/wp-content/uploads/sites/3/2016/08/309B4502-3.jpg","datePublished":"2016-08-17T13:47:28+00:00","dateModified":"2023-08-01T09:11:01+00:00","breadcrumb":{"@id":"https://bierger.remich.lu/de/ville-de-remich/umwelt/#breadcrumb"},"inLanguage":"lb-LU","potentialAction":[{"@type":"ReadAction","target":["https://bierger.remich.lu/de/ville-de-remich/umwelt/"]}]},{"@type":"ImageObject","inLanguage":"lb-LU","@id":"https://bierger.remich.lu/de/ville-de-remich/umwelt/#primaryimage","url":"https://bierger.remich.lu/wp-content/uploads/sites/3/2016/08/309B4502-3.jpg","contentUrl":"https://bierger.remich.lu/wp-content/uploads/sites/3/2016/08/309B4502-3.jpg","width":3027,"height":5123},{"@type":"BreadcrumbList","@id":"https://bierger.remich.lu/de/ville-de-remich/umwelt/#breadcrumb","itemListElement":[{"@type":"ListItem","position":1,"name":"Startseite","item":"https://bierger.remich.lu/de/"},{"@type":"ListItem","position":2,"name":"Stadt Remich","item":"https://bierger.remich.lu/de/ville-de-remich/"},{"@type":"ListItem","position":3,"name":"Umwelt"}]},{"@type":"WebSite","@id":"https://bierger.remich.lu/de/#website","url":"https://bierger.remich.lu/de/","name":"Ville de Remich","description":"","potentialAction":[{"@type":"SearchAction","target":{"@type":"EntryPoint","urlTemplate":"https://bierger.remich.lu/de/?s={search_term_string}"},"query-input":{"@type":"PropertyValueSpecification","valueRequired":true,"valueName":"search_term_string"}}],"inLanguage":"lb-LU"}]}</script>
<!-- / Yoast SEO plugin. -->

Ëmwelt - Ville de Remich

An dëser Rubrik fannt Dir nëtzlech Informatiounen ronderëm d&#8217;Thema Ëmwelt: Biologesch Statioun SIAS Drénkwaasser Ëmweltberoder Energieberodung Energiekooperativ Kanton Remich Fairtrade Gréngflächen Interreg Klimabündnis Lëtzebuerg Klimapakt Offallgestioun Solarkadaster
